NOAA-Style Climate Reports


Report for 2007 December
                   MONTHLY CLIMATOLOGICAL SUMMARY for Dec 2007


NAME: Lake Shastina, California                  
ELEV: 2920 feet    LAT: 41-32.10 N    LONG: 122-21.22 W


                   TEMPERATURE (F), RAIN (in), WIND SPEED (mph)

                                         HEAT   COOL         AVG
      MEAN                               DEG    DEG          WIND                   DOM
DAY   TEMP   HIGH   TIME    LOW   TIME   DAYS   DAYS   RAIN  SPEED   HIGH   TIME    DIR
---------------------------------------------------------------------------------------
 01   28.3   39.7  15:40   12.2  07:00   36.7    0.0   0.00    5.2   25.5  23:20    182
 02   39.8   44.1  23:20   35.1  02:40   25.2    0.0   0.00   16.9   49.0  08:20    183
 03   46.6   52.2  23:40   42.6  01:00   18.4    0.0   0.47   16.0   45.4  06:40    191
 04   49.3   59.2  13:20   34.3  23:20   15.7    0.0   0.00    4.2   30.6  00:40    182
 05   38.8   44.8  14:00   33.4  00:40   26.2    0.0   0.00    1.1    5.8  14:00    326
 06   39.0   40.6  12:40   36.9  22:20   26.0    0.0   1.41    1.1    8.3  11:00    347
 07   36.4   41.7  13:00   32.2  23:00   28.6    0.0   0.00    1.1    8.3  13:00    349
 08   31.9   38.5  11:40   22.8  23:20   33.1    0.0   0.00    1.6   11.4  14:20    358
 09   26.4   36.1  13:00   15.4  07:40   38.6    0.0   0.00    1.2    7.6  14:40     42
 10   29.2   40.8  15:00   18.1  07:00   35.8    0.0   0.00    3.5   16.3  15:20     38
 11   27.5   38.5  13:20   15.6  07:20   37.5    0.0   0.00    1.5    7.2  14:00     89
 12   31.5   42.8  14:20   21.7  08:20   33.5    0.0   0.00    1.2    5.8  11:00    325
 13   28.2   40.1  13:20   19.6  06:40   36.8    0.0   0.00    1.7    8.3  12:40     41
 14   29.3   40.8  14:40   19.4  04:20   35.7    0.0   0.00    1.4    5.8  11:40     41
 15   34.7   44.2  12:00   26.8  00:20   30.3    0.0   0.00    2.3    8.7  01:20      6
 16   37.1   47.1  13:20   26.2  00:20   27.9    0.0   0.00    8.9   32.4  15:20    180
 17   41.6   45.1  23:40   37.0  04:40   23.4    0.0   0.00   10.1   32.4  20:40    180
 18   42.1   50.2  13:40   32.9  22:00   22.9    0.0   0.00   10.5   41.6  02:20    182
 19   42.3   45.1  09:40   38.1  19:40   22.7    0.0   0.00   12.5   34.4  16:00    182
 20   33.7   42.3  00:20   22.8  00:00   31.3    0.0   0.16    2.4   20.1  00:20    294
 21   25.8   35.4  13:40   18.7  23:00   39.2    0.0   0.00    1.4    8.1  13:20      8
 22   27.3   32.4  15:00   16.5  01:00   37.7    0.0   0.00    1.0    6.3  10:40    335
 23   34.0   41.2  14:00   28.9  00:40   31.0    0.0   0.00    1.2    6.3  23:40    352
 24   31.6   38.7  02:00   19.4  22:20   33.4    0.0   1.10    2.2   13.6  12:40     27
 25   25.7   34.7  15:00   15.1  07:00   39.3    0.0   0.00    0.2    6.3  15:20      8
 26   28.0   34.9  14:40   21.9  20:20   37.0    0.0   0.00    1.4   13.2  11:40     14
 27   28.1   36.0  20:20   19.8  04:20   36.9    0.0   0.00    3.8   24.6  20:20    177
 28   33.5   37.8  12:00   29.1  07:00   31.5    0.0   0.00    3.1   25.1  01:40    162
 29   32.3   39.7  15:20   26.8  23:20   32.7    0.0   0.16    0.7    8.1  16:20     47
 30   30.4   39.2  12:20   23.4  00:00   34.6    0.0   0.00    1.7   11.4  14:40     15
 31   23.9   34.2  14:00   14.9  07:20   41.1    0.0   0.00    2.1    7.2  12:00    162
---------------------------------------------------------------------------------------
      33.2   59.2     04   12.2     01  980.6    0.0   3.29    3.9   49.0     02    181