NOAA-Style Climate Reports


Report for 2007 November
                   MONTHLY CLIMATOLOGICAL SUMMARY for Nov 2007


NAME: Lake Shastina, California                  
ELEV: 2920 feet    LAT: 41-32.10 N    LONG: 122-21.22 W


                   TEMPERATURE (F), RAIN (in), WIND SPEED (mph)

                                         HEAT   COOL         AVG
      MEAN                               DEG    DEG          WIND                   DOM
DAY   TEMP   HIGH   TIME    LOW   TIME   DAYS   DAYS   RAIN  SPEED   HIGH   TIME    DIR
---------------------------------------------------------------------------------------
 01   44.6   60.3  16:00   34.0  07:40   20.4    0.0   0.00    1.4    8.3  12:40    355
 02   41.2   58.5  15:00   28.8  08:00   23.8    0.0   0.00    1.2    7.6  12:20    335
 03   41.8   59.9  15:40   28.6  08:00   23.2    0.0   0.00    1.3    6.3  12:40     11
 04   42.1   60.8  15:00   28.0  06:40   22.9    0.0   0.00    1.1    6.3  11:00    334
 05   42.5   61.7  15:00   28.9  07:00   22.5    0.0   0.00    1.3    6.7  13:00    341
 06   42.3   61.2  15:20   28.8  07:00   22.7    0.0   0.00    1.3    6.3  11:20    346
 07   41.7   61.0  15:00   28.4  07:00   23.3    0.0   0.00    1.2    7.6  13:00    342
 08   42.8   59.2  14:40   27.7  07:00   22.2    0.0   0.00    1.1    6.3  13:40    345
 09   52.5   65.5  13:00   42.4  07:40   12.5    0.0   0.00    5.6   24.6  12:20    178
 10   52.9   59.9  12:40   45.7  00:00   12.1    0.0   0.24    6.8   22.8  01:00    184
 11   39.4   51.4  15:00   29.8  07:40   25.6    0.0   0.08    1.5    8.7  13:00      0
 12   47.6   61.0  12:00   32.0  00:20   17.4    0.0   0.00    5.1   29.8  09:00    173
 13   45.9   51.3  11:00   37.4  20:40   19.1    0.0   0.00    1.5   10.5  11:40    343
 14   43.1   49.5  12:00   35.6  23:00   21.9    0.0   0.00    1.1    6.3  13:00    344
 15   47.8   61.0  14:20   36.3  06:20   17.2    0.0   0.00    3.0   15.4  13:20    264
 16   47.3   54.9  12:20   41.7  21:40   17.7    0.0   0.16    1.2    7.6  02:40     25
 17   55.0   66.9  12:00   44.1  00:20   10.0    0.0   0.00    3.5   15.4  11:20    176
 18   57.0   66.0  12:20   47.7  03:00    8.0    0.0   0.00    9.2   29.3  00:00    177
 19   43.5   54.7  01:20   32.7  00:00   21.5    0.0   1.57    3.4   26.6  00:40     48
 20   34.4   45.1  15:00   23.7  07:40   30.6    0.0   0.00    2.7   19.2  17:40     52
 21   31.8   45.0  14:20   23.5  06:40   33.2    0.0   0.00    2.1    8.3  11:40     22
 22   29.8   44.2  14:40   19.8  07:20   35.2    0.0   0.00    1.8    6.7  13:40     64
 23   29.1   45.3  14:20   17.8  06:40   35.9    0.0   0.00    2.1    8.3  14:20     48
 24   29.3   40.3  14:00   19.4  03:00   35.7    0.0   0.00    1.2    8.3  14:20    349
 25   34.9   49.3  14:40   27.1  00:00   30.1    0.0   0.00    1.6    7.6  12:00    335
 26   33.5   44.2  13:40   23.5  06:20   31.5    0.0   0.00    1.4    8.3  14:00    268
 27   35.4   44.8  14:40   24.6  00:00   29.6    0.0   0.47    1.8    8.7  15:40    349
 28   31.6   42.3  14:40   19.6  07:00   33.4    0.0   0.00    0.9    7.6  12:00    350
 29   31.1   43.5  13:40   22.8  22:40   33.9    0.0   0.00    1.9    8.7  15:00    270
 30   27.6   39.7  15:00   18.5  00:00   37.4    0.0   0.00    1.5    7.2  11:40    340
---------------------------------------------------------------------------------------
      40.7   66.9     17   17.8     23  730.4    0.0   2.51    2.4   29.8     12    181