NOAA-Style Climate Reports


Report for 2007 October
                   MONTHLY CLIMATOLOGICAL SUMMARY for Oct 2007


NAME: Lake Shastina, California                  
ELEV: 2920 feet    LAT: 41-32.10 N    LONG: 122-21.22 W


                   TEMPERATURE (F), RAIN (in), WIND SPEED (mph)

                                         HEAT   COOL         AVG
      MEAN                               DEG    DEG          WIND                   DOM
DAY   TEMP   HIGH   TIME    LOW   TIME   DAYS   DAYS   RAIN  SPEED   HIGH   TIME    DIR
---------------------------------------------------------------------------------------
 01   50.2   61.5  16:20   39.6  00:00   14.8    0.0   0.51    2.1   12.3  00:20    320
 02   49.7   70.0  16:20   33.3  06:40   15.3    0.0   0.00    1.5    8.1  12:20    337
 03   52.1   63.5  14:20   41.2  06:00   12.9    0.0   0.00    3.2   15.0  13:20    355
 04   43.0   59.2  14:40   31.3  05:40   22.0    0.0   0.00    2.8   15.4  18:00    350
 05   42.1   51.6  15:20   32.5  23:00   22.9    0.0   0.00    2.6   17.0  16:00    352
 06   43.4   61.0  16:00   27.7  06:00   21.6    0.0   0.00    1.8   10.5  15:20    338
 07   49.7   70.2  17:00   32.9  06:40   15.3    0.0   0.00    1.6    8.1  15:40    337
 08   56.2   74.1  14:20   37.6  07:40    8.8    0.0   0.00    5.7   25.1  13:40    184
 09   60.5   71.2  12:00   48.4  00:00    4.5    0.0   0.00   12.6   29.3  03:40    186
 10   50.1   62.2  15:20   39.2  00:00   14.9    0.0   1.26    4.4   28.4  00:40    189
 11   43.2   51.8  13:40   35.8  07:40   21.8    0.0   0.31    1.3    8.1  17:40    347
 12   51.1   62.2  14:20   43.5  00:40   13.9    0.0   0.16    2.9   17.4  13:00    183
 13   49.6   64.9  17:00   36.3  07:00   15.4    0.0   0.00    1.5    8.1  14:20    336
 14   52.6   72.5  15:00   35.4  07:40   12.4    0.0   0.00    4.9   24.2  16:20    176
 15   53.8   62.4  11:00   42.4  00:00   11.2    0.0   0.00    6.2   24.2  04:40    189
 16   46.6   56.8  15:00   36.5  00:00   18.4    0.0   0.16    4.7   23.3  12:20    185
 17   45.8   55.4  14:00   36.9  00:20   19.2    0.0   0.16    3.1   15.4  00:00    295
 18   54.4   62.2  13:20   48.2  00:20   10.6    0.0   0.00   11.3   33.3  23:00    185
 19   53.2   59.7  03:20   42.4  23:00   11.8    0.0   3.11    8.5   34.9  05:20    191
 20   42.4   52.5  14:00   30.7  00:00   22.6    0.0   0.00    2.1   10.5  15:00    343
 21   39.0   54.7  17:00   26.1  07:00   26.0    0.0   0.00    1.4    8.7  13:40    344
 22   45.2   63.7  16:20   30.9  07:20   19.8    0.0   0.00    1.2    8.3  12:00    352
 23   49.6   69.4  16:20   34.3  07:40   15.4    0.0   0.00    1.6    6.3  11:20    331
 24   51.3   70.2  15:00   36.7  07:40   13.7    0.0   0.00    1.8    6.7  16:00    287
 25   46.8   53.1  16:40   40.5  06:40   18.2    0.0   0.00    2.3   22.4  00:00    357
 26   47.6   55.8  13:40   39.7  00:00   17.4    0.0   0.00    9.8   27.5  08:00     66
 27   44.3   59.5  15:00   32.4  08:00   20.7    0.0   0.00    1.4    8.1  14:00    351
 28   43.0   62.6  15:00   31.8  06:00   22.0    0.0   0.00    1.4    6.3  12:40      4
 29   46.5   56.1  14:40   36.9  05:00   18.5    0.0   1.41    1.4   11.0  18:20     51
 30   51.0   61.7  15:40   40.5  23:40   14.0    0.0   0.16    0.9    7.2  14:20      8
 31   45.0   59.5  16:00   34.5  07:40   20.0    0.0   0.00    1.2    7.6  12:20    342
---------------------------------------------------------------------------------------
      48.4   74.1     08   26.1     21  515.8    0.0   7.23    3.5   34.9     19    186