NOAA-Style Climate Reports


Report for 2007 September
                   MONTHLY CLIMATOLOGICAL SUMMARY for Sep 2007


NAME: Lake Shastina, California                  
ELEV: 2920 feet    LAT: 41-32.10 N    LONG: 122-21.22 W


                   TEMPERATURE (F), RAIN (in), WIND SPEED (mph)

                                         HEAT   COOL         AVG
      MEAN                               DEG    DEG          WIND                   DOM
DAY   TEMP   HIGH   TIME    LOW   TIME   DAYS   DAYS   RAIN  SPEED   HIGH   TIME    DIR
---------------------------------------------------------------------------------------
 01   66.9   90.7  15:00   52.7  06:20    0.0    1.9   0.00    2.5   12.3  14:40    343
 02
 03   65.5   71.6  21:00   61.0  00:00    0.0    0.5   0.00    1.3    5.4  21:00     57
 04   61.6   74.5  13:00   49.5  06:20    3.4    0.0   0.00    4.8   22.8  15:00    359
 05   62.5   84.7  17:00   43.2  06:40    2.5    0.0   0.00    3.4   15.4  18:00    335
 06   68.8   86.5  17:00   51.1  06:00    0.0    3.8   0.00    2.5    9.2  16:00    329
 07   74.2   88.7  17:00   51.6  07:20    0.0    9.2   0.00    3.2   14.5  18:40    329
 08   69.2   86.5  17:00   48.9  07:20    0.0    4.2   0.00    2.4   11.0  23:20    352
 09   71.1   87.8  16:20   52.2  07:00    0.0    6.1   0.00    2.8   15.0  22:40     10
 10   69.9   90.0  16:40   50.0  06:00    0.0    4.9   0.00    2.0    8.3  11:00    338
 11   69.1   93.9  16:20   45.1  07:00    0.0    4.1   0.00    1.8    8.1  13:40    337
 12   69.7   90.5  14:40   51.8  06:40    0.0    4.7   0.00    4.0   24.6  18:20    191
 13   63.6   75.0  14:20   50.2  23:40    1.4    0.0   0.00    6.2   25.1  11:20    182
 14   59.4   75.9  15:20   46.8  02:20    5.6    0.0   0.00    2.5   15.4  13:40    193
 15   58.3   79.9  17:00   39.4  07:00    6.7    0.0   0.00    2.3   13.2  18:40    299
 16   60.2   79.0  16:00   41.0  07:00    4.8    0.0   0.00    2.6   11.4  19:00    341
 17   61.0   72.5  16:20   50.0  07:00    4.0    0.0   0.00    2.5    9.6  14:20    332
 18   56.7   71.2  15:20   46.6  02:20    8.3    0.0   0.00    2.9   15.0  19:00    334
 19   48.3   51.4  11:00   46.0  07:00   16.7    0.0   0.47    2.6   13.2  14:00    346
 20   55.8   74.5  16:20   39.7  05:00    9.2    0.0   0.00    1.8   10.5  11:20    333
 21   59.1   80.2  16:00   39.0  06:40    5.9    0.0   0.00    1.6    8.3  14:00    327
 22   57.0   69.4  13:40   46.2  06:20    8.0    0.0   0.00    4.1   22.4  14:40    187
 23   52.6   64.8  16:00   39.7  07:40   12.4    0.0   0.00    3.5   13.2  01:20    340
 24   48.8   69.4  16:20   30.4  07:20   16.2    0.0   0.00    2.0    8.7  14:20    346
 25   53.5   75.0  16:20   33.8  06:20   11.5    0.0   0.00    1.7   12.3  15:00    318
 26   56.9   80.6  16:20   37.4  06:20    8.1    0.0   0.00    1.7    8.1  13:40    326
 27   59.3   80.1  14:20   38.5  06:40    5.7    0.0   0.00    4.4   21.9  18:20    190
 28   46.8   60.6  10:20   37.4  23:00   18.2    0.0   0.75    2.6   27.1  11:00      1
 29   43.8   60.6  16:40   28.2  07:00   21.2    0.0   0.04    1.2    8.3  12:40    348
 30   48.9   69.6  12:40   34.2  06:40   16.1    0.0   0.12    5.7   26.6  11:40    188
---------------------------------------------------------------------------------------
      59.5   93.9     11   28.2     29  185.8   39.3   1.37    2.9   27.1     28    309