NOAA-Style Climate Reports


Report for 2007 August
                   MONTHLY CLIMATOLOGICAL SUMMARY for Aug 2007


NAME: Lake Shastina, California                  
ELEV: 2920 feet    LAT: 41-32.10 N    LONG: 122-21.22 W


                   TEMPERATURE (F), RAIN (in), WIND SPEED (mph)

                                         HEAT   COOL         AVG
      MEAN                               DEG    DEG          WIND                   DOM
DAY   TEMP   HIGH   TIME    LOW   TIME   DAYS   DAYS   RAIN  SPEED   HIGH   TIME    DIR
---------------------------------------------------------------------------------------
 01   84.1   95.0  19:00   71.8  00:00    0.0   19.1   0.00    2.3   10.1  19:20    280
 02   80.6   98.6  15:20   60.6  06:00    0.0   15.6   0.00    3.0   17.4  18:40    342
 03   76.9   95.0  17:00   56.7  05:20    0.0   11.9   0.00    3.1   13.2  18:20    339
 04   73.5   91.9  16:20   51.8  06:00    0.0    8.5   0.00    3.5   17.0  19:00    345
 05   71.4   88.3  15:20   50.2  06:00    0.0    6.4   0.00    5.1   22.8  13:20    190
 06   69.4   88.3  15:40   49.3  06:00    0.0    4.4   0.00    3.4   15.4  18:20    204
 07   68.0   84.4  16:00   48.0  06:20    0.0    3.0   0.00    2.9   12.8  19:00    346
 08   71.2   89.2  16:40   49.5  06:20    0.0    6.2   0.00    2.9   14.1  19:20    341
 09   75.1   92.7  16:20   53.1  06:20    0.0   10.1   0.00    3.3   15.4  18:40    315
 10   70.0   87.6  16:40   50.0  06:20    0.0    5.0   0.00    3.1   13.6  19:20    334
 11   71.6   88.2  15:20   50.2  06:20    0.0    6.6   0.00    5.1   25.1  18:00    183
 12   70.5   87.3  19:20   48.7  06:00    0.0    5.5   0.00    6.1   23.7  11:00    181
 13   70.5   89.8  19:20   47.5  06:20    0.0    5.5   0.00    5.2   19.7  13:40    191
 14   72.2   91.9  15:20   48.0  06:20    0.0    7.2   0.00    4.6   24.6  18:40    185
 15   72.4   91.9  15:40   49.5  06:00    0.0    7.4   0.00    5.4   26.2  14:40    188
 16   68.3   89.1  15:40   48.4  06:00    0.0    3.3   0.00    3.0   15.0  15:40    339
 17   63.9   81.9  16:40   44.6  06:20    1.1    0.0   0.00    2.7   13.2  19:20    334
 18   65.6   87.3  15:20   45.5  06:40    0.0    0.6   0.00    4.2   18.3  17:20    224
 19   69.2   83.1  14:40   58.5  00:00    0.0    4.2   0.00    5.8   23.7  00:40    225
 20   69.9   90.5  16:00   50.0  06:00    0.0    4.9   0.00    3.1   13.2  15:00    348
 21   71.8   88.2  16:00   55.6  06:20    0.0    6.8   0.00    2.8   14.5  14:20    341
 22   63.5   85.8  18:00   51.4  06:40    1.5    0.0   0.00    1.7   11.0  18:20    329
 23   70.0   93.7  19:20   47.3  06:40    0.0    5.0   0.00    2.6   11.0  12:40    324
 24   74.7   96.6  19:00   52.3  06:20    0.0    9.7   0.00    2.9   11.0  15:20    325
 25   75.5   94.6  16:20   55.9  06:20    0.0   10.5   0.00    3.1   16.3  17:20    345
 26   70.3   87.8  16:20   52.9  06:20    0.0    5.3   0.00    3.7   14.1  17:40    333
 27   72.9   87.8  17:00   48.7  06:40    0.0    7.9   0.00    3.1   10.5  18:20    316
 28   72.2   95.5  19:20   50.5  06:40    0.0    7.2   0.00    2.4    8.7  15:40    330
 29   74.0   94.5  17:20   55.2  06:20    0.0    9.0   0.00    1.9   13.2  18:40    329
 30   77.2   95.9  14:00   58.5  06:40    0.0   12.2   0.00    4.1   23.7  13:00    183
 31   75.6   95.9  14:20   57.9  06:40    0.0   10.6   0.00    3.9   20.1  11:40    188
---------------------------------------------------------------------------------------
      71.8   98.6     02   44.6     17    2.6  219.8   0.00    3.6   26.2     15    276