NOAA-Style Climate Reports


Report for 2007 June
                   MONTHLY CLIMATOLOGICAL SUMMARY for Jun 2007


NAME: Lake Shastina, California                  
ELEV: 2920 feet    LAT: 41-32.10 N    LONG: 122-21.22 W


                   TEMPERATURE (F), RAIN (in), WIND SPEED (mph)

                                         HEAT   COOL         AVG
      MEAN                               DEG    DEG          WIND                   DOM
DAY   TEMP   HIGH   TIME    LOW   TIME   DAYS   DAYS   RAIN  SPEED   HIGH   TIME    DIR
---------------------------------------------------------------------------------------
 01   74.3   98.1  16:20   54.5  05:40    0.0    9.3   0.00    2.5   13.2  16:40    338
 02   76.1   95.4  14:40   55.8  05:40    0.0   11.1   0.00    3.7   16.8  15:40    184
 03   75.5   91.0  16:00   54.1  05:20    0.0   10.5   0.00    5.4   19.2  14:00    182
 04   69.8   83.8  12:40   57.6  22:00    0.0    4.8   0.16    5.6   22.8  15:20    193
 05   51.9   61.0  12:20   41.2  00:00   13.1    0.0   0.47    3.4   17.0  14:00      5
 06   49.0   61.2  15:20   37.6  06:00   16.0    0.0   0.00    3.1   15.9  11:40     10
 07   56.5   73.8  19:20   36.9  06:00    8.5    0.0   0.00    3.5   12.8  16:40    341
 08   64.7   88.7  19:00   40.3  05:40    0.3    0.0   0.00    2.7   11.0  17:00    323
 09   64.9   79.9  15:20   48.0  05:40    0.1    0.0   0.00    2.2   15.0  17:40    340
 10   65.1   75.7  13:40   50.9  00:00    0.0    0.1   0.00    3.3   17.4  18:00    351
 11   62.0   79.3  19:00   41.2  05:40    3.0    0.0   0.00    3.2   12.8  16:40    320
 12   66.8   84.9  16:40   42.4  05:40    0.0    1.8   0.00    2.9   13.2  20:00    351
 13   70.7   87.1  15:20   51.1  05:40    0.0    5.7   0.00    3.5   15.0  18:20    349
 14   70.4   87.1  19:00   49.6  05:40    0.0    5.4   0.00    3.5   15.0  17:40    342
 15   72.4   90.1  19:00   50.7  05:40    0.0    7.4   0.00    2.9   13.2  19:40    342
 16   69.3   82.8  13:20   53.8  00:00    0.0    4.3   0.00    4.4   18.3  18:40    338
 17   66.1   81.3  19:00   45.1  03:00    0.0    1.1   0.00    4.3   13.2  19:00    335
 18   69.6   88.2  19:00   46.4  05:20    0.0    4.6   0.00    3.0   11.0  19:00    311
 19   75.1   92.3  13:00   50.4  05:40    0.0   10.1   0.00    6.3   25.1  12:40    179
 20   79.7   90.5  13:40   62.6  06:00    0.0   14.7   0.00    7.9   22.8  16:00    184
 21   73.4   94.5  16:00   51.8  05:40    0.0    8.4   0.00    3.0   17.4  18:40    319
 22   70.6   88.7  15:40   52.7  03:20    0.0    5.6   0.00    3.9   17.4  18:00    341
 23   63.7   78.8  15:40   44.4  05:40    1.3    0.0   0.00    3.8   15.4  17:20    348
 24   61.0   76.5  17:00   41.0  05:40    4.0    0.0   0.00    3.3   17.0  19:40    346
 25   64.9   87.8  19:00   41.5  06:00    0.1    0.0   0.00    2.6   10.5  17:40    339
 26   71.9   93.7  17:40   46.4  06:00    0.0    6.9   0.00    2.9   12.3  17:40    336
 27   74.7   93.7  14:00   53.2  05:40    0.0    9.7   0.00    3.8   17.9  17:00    194
 28   70.3   87.8  15:20   50.5  05:40    0.0    5.3   0.00    4.8   23.7  14:20    189
 29   69.7   84.9  16:00   56.3  00:00    0.0    4.7   0.00    5.0   19.7  14:00    256
 30   70.0   90.3  19:20   44.2  05:20    0.0    5.0   0.00    4.8   19.7  13:20    189
---------------------------------------------------------------------------------------
      68.0   98.1     01   36.9     07   46.4  136.5   0.63    3.8   25.1     19    302