NOAA-Style Climate Reports


Report for 2007 May
                   MONTHLY CLIMATOLOGICAL SUMMARY for May 2007


NAME: Lake Shastina, California                  
ELEV: 2920 feet    LAT: 41-32.10 N    LONG: 122-21.22 W


                   TEMPERATURE (F), RAIN (in), WIND SPEED (mph)

                                         HEAT   COOL         AVG
      MEAN                               DEG    DEG          WIND                   DOM
DAY   TEMP   HIGH   TIME    LOW   TIME   DAYS   DAYS   RAIN  SPEED   HIGH   TIME    DIR
---------------------------------------------------------------------------------------
 01   48.6   54.1  19:40   38.1  05:00   16.4    0.0   0.47    3.6   24.2  20:20    186
 02   49.0   64.0  09:00   34.7  23:40   16.0    0.0   0.00    5.9   21.0  00:20    258
 03   42.6   57.9  13:40   27.3  05:40   22.4    0.0   0.20    3.2   11.9  13:40    326
 04   43.5   54.7  15:00   34.7  03:00   21.5    0.0   0.75    3.6   13.2  18:20    351
 05   48.3   64.2  16:40   28.4  06:00   16.7    0.0   0.00    3.3   13.2  17:00    350
 06   57.3   75.7  16:00   34.0  06:00    7.7    0.0   0.00    3.4   15.0  17:00    339
 07   67.3   92.3  19:20   45.5  06:00    0.0    2.3   0.00    2.6   11.0  17:00    272
 08   64.9   90.9  13:20   47.3  06:00    0.1    0.0   0.63    2.8   23.3  15:40    159
 09   65.6   84.7  15:00   47.3  06:00    0.0    0.6   0.16    3.6   21.9  18:00    190
 10   65.2   80.8  15:40   46.9  06:20    0.0    0.2   0.00    4.1   17.0  15:20    177
 11   64.2   82.0  15:00   45.9  06:00    0.8    0.0   0.00    4.1   19.2  15:20    185
 12   60.1   74.7  11:40   43.0  05:20    4.9    0.0   0.00    5.0   17.4  18:40    330
 13   54.8   75.4  19:00   33.4  05:20   10.2    0.0   0.00    3.2   10.5  15:20    322
 14   62.5   84.6  19:00   37.9  06:00    2.5    0.0   0.00    2.5    9.2  13:40    341
 15   66.6   89.1  17:40   43.0  05:40    0.0    1.6   0.00    3.0   18.3  17:20    337
 16   65.2   81.3  16:40   47.8  06:00    0.0    0.2   0.00    3.3   12.8  19:00    339
 17   64.5   85.3  17:00   44.1  06:00    0.5    0.0   0.00    3.0   12.8  15:40    311
 18   63.7   79.7  15:40   45.1  05:40    1.3    0.0   0.00    3.8   14.5  17:00    337
 19   60.9   74.7  14:40   44.4  05:20    4.1    0.0   0.00    2.7   15.0  17:00    347
 20   57.7   72.0  14:20   44.2  03:40    7.3    0.0   0.00    3.4   17.0  17:00    321
 21   51.5   64.9  15:40   33.6  05:40   13.5    0.0   0.00    4.5   17.0  16:00    357
 22   53.7   73.9  19:00   33.1  05:40   11.3    0.0   0.00    4.3   15.9  18:40      6
 23   61.2   81.1  19:00   38.7  06:00    3.8    0.0   0.00    2.9   11.0  13:00    347
 24   67.5   84.7  19:00   47.5  06:00    0.0    2.5   0.00    2.7   11.0  15:00    344
 25   68.4   87.3  19:00   48.7  06:00    0.0    3.4   0.00    2.4   10.1  15:20    335
 26   71.5   90.0  16:40   51.4  06:00    0.0    6.5   0.00    3.1   11.4  16:00    315
 27   64.2   78.1  14:40   49.1  00:00    0.8    0.0   0.00    4.1   17.4  16:40    342
 28   60.5   83.8  19:40   36.1  05:20    4.5    0.0   0.00    2.8   10.5  16:00    311
 29   68.7   92.7  19:20   42.1  05:20    0.0    3.7   0.00    2.5   10.1  13:40    345
 30   74.3   97.7  19:00   48.7  05:40    0.0    9.3   0.00    2.7   12.3  18:40    299
 31   73.8   92.5  16:00   53.4  05:40    0.0    8.8   0.00    2.3   10.1  16:20    343
---------------------------------------------------------------------------------------
      60.9   97.7     30   27.3     03  166.3   39.1   2.20    3.4   24.2     01    329