NOAA-Style Climate Reports


Report for 2007 April
                   MONTHLY CLIMATOLOGICAL SUMMARY for Apr 2007


NAME: Lake Shastina, California                  
ELEV: 2920 feet    LAT: 41-32.10 N    LONG: 122-21.22 W


                   TEMPERATURE (F), RAIN (in), WIND SPEED (mph)

                                         HEAT   COOL         AVG
      MEAN                               DEG    DEG          WIND                   DOM
DAY   TEMP   HIGH   TIME    LOW   TIME   DAYS   DAYS   RAIN  SPEED   HIGH   TIME    DIR
---------------------------------------------------------------------------------------
 01   47.5   63.0  15:00   36.1  00:00   17.5    0.0   0.00    3.3   13.2  19:00    342
 02   42.9   60.6  17:00   25.3  06:20   22.1    0.0   0.00    2.2   12.3  14:00    328
 03   51.7   71.6  17:00   34.0  03:20   13.3    0.0   0.00    2.7   15.0  18:20    346
 04   59.0   79.0  15:00   43.7  06:20    6.0    0.0   0.00    3.1   12.8  14:20    318
 05   56.4   76.6  16:40   37.0  06:20    8.6    0.0   0.00    2.1    8.7  13:20    317
 06   65.0   83.8  16:40   41.0  07:20    0.0    0.0   0.00    3.0   13.2  17:20    308
 07   57.3   67.8  14:20   43.3  23:00    7.7    0.0   0.16    4.4   17.4  07:20    270
 08   56.0   75.0  15:40   42.1  02:20    9.0    0.0   0.00    4.9   25.5  21:00    184
 09   48.0   56.3  14:20   37.4  06:20   17.0    0.0   0.00    3.8   17.4  15:40    333
 10   44.5   60.4  16:20   25.0  06:40   20.5    0.0   0.00    2.5   11.0  13:00    356
 11   47.4   58.8  15:00   35.8  00:00   17.6    0.0   0.00    5.7   17.4  04:40    218
 12   41.4   54.5  16:00   31.1  04:40   23.6    0.0   0.00    3.4   12.8  13:20    339
 13   48.7   72.7  16:40   25.3  06:00   16.3    0.0   0.00    4.5   22.4  22:40    206
 14   44.1   52.9  00:20   32.7  23:20   20.9    0.0   0.94    5.3   25.1  04:40    181
 15   43.0   56.8  16:40   28.0  06:20   22.0    0.0   0.00    3.2   13.2  13:00    338
 16   50.7   70.9  16:20   30.0  06:20   14.3    0.0   0.00    2.3   11.0  18:00    341
 17   43.7   54.3  12:40   33.6  23:00   21.3    0.0   0.00    4.4   19.2  13:20    352
 18   39.1   52.2  15:00   32.5  05:20   25.9    0.0   0.00    2.1   15.4  15:40     15
 19   39.6   55.9  14:40   31.5  03:00   25.4    0.0   0.63    2.6   17.0  16:40    204
 20   44.7   61.3  19:00   25.2  06:20   20.3    0.0   0.00    2.1   10.5  13:00    332
 21   45.8   52.2  15:40   37.4  03:20   19.2    0.0   0.00    9.8   37.6  18:40    183
 22   45.7   57.2  19:00   36.7  00:00   19.3    0.0   0.00    3.7   21.9  01:40    315
 23   50.2   67.1  18:00   32.0  06:20   14.8    0.0   0.00    2.2   10.1  14:40    340
 24   56.8   74.7  19:00   37.0  06:20    8.2    0.0   0.00    2.9   11.0  15:00    338
 25   52.8   64.6  15:00   38.3  06:20   12.2    0.0   0.00    3.7   17.0  19:00    348
 26   53.0   75.9  19:00   31.3  06:20   12.0    0.0   0.00    2.8    8.7  13:20    308
 27   60.5   82.8  19:00   37.4  06:20    4.5    0.0   0.00    2.3    8.7  12:20    316
 28   65.0   83.5  17:00   44.2  06:00    0.0    0.0   0.00    3.2   14.5  19:00    306
 29   62.1   79.0  14:40   49.3  06:40    2.9    0.0   0.00    2.8   12.3  19:40    345
 30   60.5   81.9  16:00   38.5  06:20    4.5    0.0   0.00    3.2   16.8  17:40    302
---------------------------------------------------------------------------------------
      50.6   83.8     06   25.0     10  427.2    0.1   1.73    3.5   37.6     21    304