NOAA-Style Climate Reports


Report for 2007 March
                   MONTHLY CLIMATOLOGICAL SUMMARY for Mar 2007


NAME: Lake Shastina, California                  
ELEV: 2920 feet    LAT: 41-32.10 N    LONG: 122-21.22 W


                   TEMPERATURE (F), RAIN (in), WIND SPEED (mph)

                                         HEAT   COOL         AVG
      MEAN                               DEG    DEG          WIND                   DOM
DAY   TEMP   HIGH   TIME    LOW   TIME   DAYS   DAYS   RAIN  SPEED   HIGH   TIME    DIR
---------------------------------------------------------------------------------------
 01   33.8   46.2  13:20   24.1  03:00   31.2    0.0   0.00    1.1    6.3  11:00    345
 02   38.4   48.0  15:00   28.8  06:40   26.6    0.0   0.00    1.2    5.8  12:40     24
 03   38.5   45.9  15:20   32.4  23:00   26.5    0.0   0.00    1.0    5.8  14:40    356
 04   44.9   64.2  14:20   30.7  05:20   20.1    0.0   0.00    3.3   15.4  15:20    169
 05   46.3   63.9  15:20   36.1  00:00   18.7    0.0   0.00    2.3   15.0  17:00    176
 06   46.3   66.2  13:20   28.2  07:00   18.7    0.0   0.00    4.3   20.6  15:40    178
 07   49.7   58.5  11:00   39.6  00:00   15.3    0.0   0.00    6.9   26.6  12:40    186
 08   43.1   55.9  15:20   27.3  06:20   21.9    0.0   0.00    2.7   13.2  16:40    304
 09   46.4   55.0  15:00   36.7  23:40   18.6    0.0   0.00    2.9   10.5  15:40    352
 10   45.2   62.2  16:00   28.2  06:40   19.8    0.0   0.00    1.9    8.7  14:40    347
 11   51.1   69.3  16:40   34.3  07:00   13.9    0.0   0.00    1.9    7.6  15:40    342
 12   52.2   67.8  13:20   39.2  07:40   12.8    0.0   0.00    1.7    8.7  15:40    332
 13   50.8   68.4  15:40   37.4  07:00   14.2    0.0   0.00    2.2    8.3  13:40    326
 14   48.7   66.4  16:00   34.9  07:20   16.3    0.0   0.00    2.4    8.7  12:20    355
 15   47.3   67.5  16:20   28.4  07:20   17.7    0.0   0.00    2.3    8.3  15:00      6
 16   51.8   72.9  17:20   33.1  07:00   13.2    0.0   0.00    2.0    8.3  14:00    348
 17   54.3   73.6  16:00   36.5  07:20   10.7    0.0   0.00    2.1    8.7  17:20    331
 18   52.6   70.2  16:20   36.3  07:20   12.4    0.0   0.00    2.8   11.0  14:40    333
 19   50.7   66.9  14:20   34.5  06:40   14.3    0.0   0.00    6.3   26.6  16:40    175
 20   45.4   57.0  14:40   35.8  00:00   19.6    0.0   0.79    3.8   17.4  18:40    353
 21   39.8   56.7  17:20   24.4  07:40   25.2    0.0   0.00    3.4   12.8  13:40    335
 22   46.7   66.9  15:40   28.8  07:20   18.3    0.0   0.00    2.4    8.1  14:20    343
 23   51.6   70.7  16:20   32.9  07:00   13.4    0.0   0.00    2.2   10.5  15:40    311
 24   56.8   73.6  17:00   41.0  07:20    8.2    0.0   0.00    2.5   11.0  19:00    331
 25   48.4   56.5  18:20   41.7  00:00   16.6    0.0   0.16    2.3   10.5  19:20    234
 26   42.8   52.0  14:00   32.2  23:20   22.2    0.0   0.31    5.2   25.7  10:40    190
 27   34.6   42.1  14:00   25.3  05:40   30.4    0.0   0.00    3.3   13.2  22:40     14
 28   37.6   54.5  19:00   21.0  06:40   27.4    0.0   0.00    2.6   11.0  14:00    347
 29   44.1   63.9  17:00   25.3  07:00   20.9    0.0   0.00    2.3    9.2  13:00    354
 30   51.6   71.2  15:40   32.0  07:00   13.4    0.0   0.00    2.4    8.7  14:00    329
 31   53.7   69.6  16:20   41.0  07:00   11.3    0.0   0.00    2.5   11.0  17:00    322
---------------------------------------------------------------------------------------
      46.5   73.6     17   21.0     28  570.0    0.0   1.26    2.8   26.6     07    307