NOAA-Style Climate Reports


Report for 2007 February
                   MONTHLY CLIMATOLOGICAL SUMMARY for Feb 2007


NAME: Lake Shastina, California                  
ELEV: 2920 feet    LAT: 41-32.10 N    LONG: 122-21.22 W


                   TEMPERATURE (F), RAIN (in), WIND SPEED (mph)

                                         HEAT   COOL         AVG
      MEAN                               DEG    DEG          WIND                   DOM
DAY   TEMP   HIGH   TIME    LOW   TIME   DAYS   DAYS   RAIN  SPEED   HIGH   TIME    DIR
---------------------------------------------------------------------------------------
 01   31.5   50.2  15:20   17.4  06:40   33.5    0.0   0.00    1.7    6.3  12:00    329
 02   30.5   44.8  15:00   19.8  05:40   34.5    0.0   0.00    1.5    7.6  12:00    340
 03   34.7   51.3  14:20   22.3  07:00   30.3    0.0   0.00    1.4    8.1  12:00    254
 04   39.2   58.3  15:40   25.5  06:20   25.8    0.0   0.00    1.1    6.3  13:20    331
 05   40.0   50.7  14:00   32.5  07:40   25.0    0.0   0.00    1.1    6.3  15:40     27
 06   54.2   61.7  12:20   47.1  21:40   10.8    0.0   0.00    9.5   24.2  12:40    177
 07   47.9   56.7  13:00   33.6  23:40   17.1    0.0   0.28    7.6   28.9  13:00    186
 08   38.8   48.0  13:40   28.6  04:40   26.2    0.0   0.31    3.7   24.2  21:40    169
 09   49.0   59.9  16:00   33.4  06:40   16.0    0.0   0.00    6.9   22.8  13:40    179
 10   45.6   56.5  14:00   38.7  02:00   19.4    0.0   0.70    5.5   31.5  13:20    174
 11   42.0   52.3  15:00   36.9  04:00   23.0    0.0   0.71    2.1   13.6  15:40    269
 12   39.3   50.0  12:40   31.1  07:00   25.7    0.0   0.00    2.6   17.4  14:40    178
 13   38.3   48.2  13:00   27.9  00:00   26.7    0.0   0.00    1.1    9.2  11:40    352
 14   35.6   46.8  13:00   24.1  06:40   29.4    0.0   0.16    1.1    7.2  11:20    342
 15   47.5   59.9  15:00   39.0  00:20   17.5    0.0   0.00    2.0   13.2  13:20      6
 16   48.0   61.7  13:20   36.5  23:20   17.0    0.0   0.00    1.7   10.5  13:40    339
 17   42.5   58.8  15:40   28.8  07:00   22.5    0.0   0.00    1.8    8.3  15:00    323
 18   39.0   47.7  13:20   27.1  00:00   26.0    0.0   0.00    4.1   15.9  13:00      8
 19   35.0   52.9  16:40   20.8  07:00   30.0    0.0   0.00    1.6    8.7  14:00    357
 20   40.2   55.8  13:20   25.7  03:40   24.8    0.0   0.00    5.6   24.2  13:20    183
 21   36.8   44.8  12:00   32.5  20:40   28.2    0.0   1.10    3.9   16.3  14:20    269
 22   27.7   32.7  00:20   23.5  00:00   37.3    0.0   0.00    0.5    4.9  21:40    148
 23   32.0   47.3  14:00   20.7  07:40   33.0    0.0   0.00    0.7    6.3  12:40     40
 24   35.5   38.7  21:40   32.0  02:00   29.5    0.0   2.99    6.5   27.5  05:00    178
 25   36.6   45.9  13:20   27.3  22:00   28.4    0.0   0.62    4.2   18.3  03:00    232
 26   34.5   43.7  13:40   21.9  00:00   30.5    0.0   0.00    4.8   18.3  11:00    194
 27   32.1   39.9  13:40   21.9  02:00   32.9    0.0   0.00    6.4   29.8  11:20    185
 28   30.5   41.7  12:00   20.7  06:00   34.5    0.0   0.00    2.0   13.2  14:20    278
---------------------------------------------------------------------------------------
      39.1   61.7     06   17.4     01  735.6    0.0   6.87    3.3   31.5     10    189