NOAA-Style Climate Reports


Report for 2007 January
                   MONTHLY CLIMATOLOGICAL SUMMARY for Jan 2007


NAME: Lake Shastina, California                  
ELEV: 2920 feet    LAT: 41-32.10 N    LONG: 122-21.22 W


                   TEMPERATURE (F), RAIN (in), WIND SPEED (mph)

                                         HEAT   COOL         AVG
      MEAN                               DEG    DEG          WIND                   DOM
DAY   TEMP   HIGH   TIME    LOW   TIME   DAYS   DAYS   RAIN  SPEED   HIGH   TIME    DIR
---------------------------------------------------------------------------------------
 01   32.8   44.8  14:20   22.5  05:40   32.2    0.0   0.00    1.1    6.3  13:20    296
 02   35.5   45.0  15:40   29.1  23:00   29.5    0.0   0.00    1.2    7.6  14:40     67
 03   43.1   49.5  14:40   29.5  01:00   21.9    0.0   1.10    6.0   25.7  12:20    181
 04   31.6   38.1  00:20   25.5  22:00   33.4    0.0   0.31    0.7   16.3  15:40     29
 05   27.1   36.1  14:20   17.8  07:40   37.9    0.0   0.00    0.5    7.6  23:40    140
 06   33.9   47.3  14:40   24.1  07:40   31.1    0.0   0.31    1.1    8.7  10:00     77
 07   33.7   36.9  12:40   28.9  01:00   31.3    0.0   0.00    0.8    5.4  13:40     94
 08   33.8   37.6  12:00   30.7  07:20   31.2    0.0   0.00    1.0    6.3  07:00    140
 09   32.3   35.4  13:40   30.2  08:00   32.7    0.0   0.00    1.0    5.4  12:20    117
 10
 11   25.4   34.3  13:20   15.1  07:40   39.6    0.0   0.16    0.9    7.2  16:40    357
 12   17.5   20.1  17:20   15.1  19:00   47.5    0.0   0.00    0.8    3.6  19:00     68
 13   13.9   15.6  20:20   12.7  23:20   51.1    0.0   0.00    1.1    4.0  21:40    155
 14   19.8   35.2  15:20    7.7  06:40   45.2    0.0   0.00    1.4    6.3  09:20    295
 15   21.1   36.1  15:40    9.7  07:00   43.9    0.0   0.00    1.3    6.7  14:00      5
 16   23.8   32.7  14:20   14.0  02:00   41.2    0.0   0.00    0.9   10.1  17:00    348
 17   25.0   37.0  15:40   16.9  08:20   40.0    0.0   0.00    1.2    8.1  07:00    357
 18   26.0   41.4  15:40   15.1  02:40   39.0    0.0   0.00    1.0    6.3  13:00    280
 19   29.8   43.3  15:20   21.7  07:20   35.2    0.0   0.00    0.9    6.3  12:20    294
 20   28.7   44.1  15:00   18.5  05:00   36.3    0.0   0.00    1.9    8.3  12:40    360
 21   27.5   42.6  15:20   16.2  07:40   37.5    0.0   0.00    1.3    6.3  21:20      9
 22   28.3   44.8  15:40   15.4  08:00   36.7    0.0   0.00    1.2    6.7  14:20    314
 23   29.1   46.0  14:20   16.9  07:20   35.9    0.0   0.00    1.2    8.1  14:40    346
 24   31.6   48.7  15:00   18.0  07:00   33.4    0.0   0.00    1.7    6.3  13:40    326
 25   36.1   55.2  16:40   21.7  07:00   28.9    0.0   0.00    2.1    8.1  16:20    150
 26   35.7   51.1  15:00   22.8  07:00   29.3    0.0   0.00    1.6    6.7  14:00    260
 27   37.7   52.5  15:20   25.7  07:20   27.3    0.0   0.00    1.8    6.3  11:00     14
 28   32.2   46.8  15:20   21.7  08:00   32.8    0.0   0.00    2.0    7.6  15:00    261
 29   33.1   50.5  15:40   20.5  07:20   31.9    0.0   0.00    1.4    7.2  12:40    198
 30   34.6   50.4  15:20   21.2  07:40   30.4    0.0   0.00    1.5    6.3  13:40    251
 31   31.7   49.1  15:20   18.7  07:20   33.3    0.0   0.00    1.8    6.7  13:20    344
---------------------------------------------------------------------------------------
      30.7   55.2     25    7.7     14 1057.7    0.0   1.88    1.5   25.7     03    316