NOAA-Style Climate Reports


Report for 2006 December
                   MONTHLY CLIMATOLOGICAL SUMMARY for Dec 2006


NAME: Lake Shastina, California                  
ELEV: 2920 feet    LAT: 41-32.10 N    LONG: 122-21.22 W


                   TEMPERATURE (F), RAIN (in), WIND SPEED (mph)

                                         HEAT   COOL         AVG
      MEAN                               DEG    DEG          WIND                   DOM
DAY   TEMP   HIGH   TIME    LOW   TIME   DAYS   DAYS   RAIN  SPEED   HIGH   TIME    DIR
---------------------------------------------------------------------------------------
 01   30.1   42.4  15:00   21.0  00:00   34.9    0.0   0.00    1.3    8.1  13:00    101
 02   26.4   40.8  15:00   16.7  06:40   38.6    0.0   0.00    1.2    6.7  12:00    111
 03   27.7   42.6  14:20   16.9  07:20   37.3    0.0   0.00    1.2    6.3  11:00    116
 04   28.8   43.3  12:20   18.3  07:20   36.2    0.0   0.00    1.3    8.7  13:00     33
 05   32.2   47.3  14:20   21.7  03:00   32.8    0.0   0.00    1.1    6.3  14:00    111
 06   27.4   29.3  21:00   25.9  22:40   37.6    0.0   0.00    0.6    4.0  21:00    274
 07   37.1   43.9  15:00   28.4  07:40   27.9    0.0   0.00    1.4    8.3  17:00    117
 08   50.6   61.9  12:20   35.4  00:20   14.4    0.0   0.00    8.1   34.9  12:20    332
 09   47.3   54.5  11:20   39.4  00:00   17.7    0.0   0.63   10.8   34.4  13:20    223
 10   41.6   49.8  13:00   33.1  20:20   23.4    0.0   0.00    5.6   25.7  10:40    310
 11   46.1   52.5  12:40   41.5  19:40   18.9    0.0   0.94   12.2   32.9  08:40    279
 12   47.3   49.5  00:00   45.9  00:40   17.7    0.0   0.71    9.0   29.3  00:00    294
 13   49.1   53.4  04:00   45.7  00:00   15.9    0.0   1.65    4.2   25.7  00:20    262
 14   53.3   58.5  12:40   45.3  00:40   11.7    0.0   0.00   10.6   36.2  13:00    246
 15
 16   26.5   31.1  14:20   20.7  23:40   38.5    0.0   0.00    0.4    5.4  21:40    235
 17   22.9   36.1  14:00   13.1  07:20   42.1    0.0   0.00    1.3    6.3  11:40      3
 18   22.1   35.4  14:40   12.4  08:00   42.9    0.0   0.00    1.5    7.6  11:40    340
 19   24.8   36.9  14:20   16.0  06:20   40.2    0.0   0.00    1.0    6.3  13:00    353
 20   28.0   43.9  00:00   14.9  07:00   37.0    0.0   0.00    2.9   27.5  22:40    158
 21   38.3   43.5  00:20   32.5  20:20   26.7    0.0   0.00    4.0   23.7  02:20    156
 22   33.8   41.9  14:40   25.2  07:20   31.2    0.0   0.16    1.1    6.3  02:40    353
 23   36.7   50.5  13:20   27.9  23:00   28.3    0.0   0.00    2.4   14.1  13:20    160
 24   42.7   55.4  13:40   27.7  04:40   22.3    0.0   0.00    9.3   41.2  20:20    178
 25   49.8   53.1  14:00   45.5  07:00   15.2    0.0   0.00   15.1   39.4  10:40    182
 26   43.1   51.3  00:20   38.3  16:00   21.9    0.0   0.91   14.1   42.1  13:20    190
 27   36.1   43.7  04:00   28.4  00:00   28.9    0.0   0.47    5.3   20.6  00:20      3
 28   26.8   37.9  14:20   19.4  04:00   38.2    0.0   0.00    1.6   10.1  11:20    343
 29   25.4   35.4  14:20   17.2  06:00   39.6    0.0   0.00    0.9    8.1  12:00    335
 30   28.7   40.5  14:20   20.3  06:00   36.3    0.0   0.00    1.0    5.8  13:40    323
 31   32.4   43.7  15:00   26.4  00:00   32.6    0.0   0.00    0.9    6.3  11:40    349
---------------------------------------------------------------------------------------
      35.3   61.9     08   12.4     18  886.8    0.0   5.46    4.4   42.1     26    196