NOAA-Style Climate Reports


Report for 2006 November
                   MONTHLY CLIMATOLOGICAL SUMMARY for Nov 2006


NAME: Lake Shastina, California                  
ELEV: 2920 feet    LAT: 41-32.10 N    LONG: 122-21.22 W


                   TEMPERATURE (F), RAIN (in), WIND SPEED (mph)

                                         HEAT   COOL         AVG
      MEAN                               DEG    DEG          WIND                   DOM
DAY   TEMP   HIGH   TIME    LOW   TIME   DAYS   DAYS   RAIN  SPEED   HIGH   TIME    DIR
---------------------------------------------------------------------------------------
 01   41.3   55.4  14:00   26.8  05:40   23.7    0.0   0.00    2.9   21.5  23:40    305
 02   54.0   62.2  14:20   48.4  00:20   11.0    0.0   0.00   11.4   32.0  13:00    323
 03   53.2   57.2  12:20   43.7  00:00   11.8    0.0   0.16    7.6   28.9  06:20    309
 04   49.3   60.6  15:40   40.5  03:40   15.7    0.0   0.00    1.8   11.9  18:00    293
 05   53.4   66.6  14:00   42.8  05:00   11.6    0.0   0.00    0.8    8.7  14:40    102
 06   54.8   64.0  12:20   46.8  00:20   10.2    0.0   0.00    0.9    8.1  11:40     82
 07   59.4   74.3  12:40   46.9  03:20    5.6    0.0   0.00    5.1   25.5  13:00    310
 08   48.0   56.5  00:20   38.5  23:20   17.0    0.0   0.78    2.6   12.3  00:40    114
 09   37.8   49.6  14:00   26.8  00:00   27.2    0.0   0.00    1.5    8.7  13:40    145
 10   40.2   57.9  13:20   24.1  06:20   24.8    0.0   0.00    8.8   31.1  21:00    294
 11   37.3   47.3  14:20   24.8  00:00   27.7    0.0   0.16   25.5   25.5  00:20    291
 12   29.2   45.1  15:40   20.3  05:40   35.8    0.0   0.00   25.5   25.5  00:20    291
 13
 14
 15
 16
 17
 18
 19   60.6   68.9  12:00   56.3  21:20    4.4    0.0   0.00   10.1   26.2  14:20    299
 20   57.7   64.4  12:00   52.9  00:00    7.3    0.0   0.00    9.7   26.2  20:20    296
 21   50.3   57.7  12:00   46.8  05:40   14.7    0.0   0.00    9.4   27.5  23:20    335
 22   45.9   54.3  12:20   34.0  00:00   19.1    0.0   0.31    9.2   30.6  07:20    332
 23   33.4   46.2  12:40   25.2  07:40   31.6    0.0   0.00    1.7    8.3  14:20     23
 24   32.0   47.7  14:40   22.1  06:20   33.0    0.0   0.00    1.1    6.3  12:20    330
 25   33.6   43.5  12:20   25.3  01:20   31.4    0.0   0.00    0.8    5.4  14:20    337
 26   39.2   44.6  10:40   30.0  00:20   25.8    0.0   0.00    9.6   34.9  07:20    337
 27   34.1   41.2  14:20   27.9  22:20   30.9    0.0   0.16    2.2   13.6  02:00     54
 28   30.2   37.0  12:20   21.2  23:40   34.8    0.0   0.00    1.9   12.3  16:20    170
 29   23.8   36.0  15:20   12.7  07:00   41.2    0.0   0.00    1.3    8.3  13:40     94
 30   29.1   40.1  14:40   15.8  07:20   35.9    0.0   0.00    0.9    6.3  11:20    117
---------------------------------------------------------------------------------------
      42.8   74.3     07   12.7     29  531.8    0.0   1.57    6.1   34.9     26    299