NOAA-Style Climate Reports


Report for 2006 October
                   MONTHLY CLIMATOLOGICAL SUMMARY for Oct 2006


NAME: Lake Shastina, California                  
ELEV: 2920 feet    LAT: 41-32.10 N    LONG: 122-21.22 W


                   TEMPERATURE (F), RAIN (in), WIND SPEED (mph)

                                         HEAT   COOL         AVG
      MEAN                               DEG    DEG          WIND                   DOM
DAY   TEMP   HIGH   TIME    LOW   TIME   DAYS   DAYS   RAIN  SPEED   HIGH   TIME    DIR
---------------------------------------------------------------------------------------
 01   60.5   81.1  15:00   42.8  07:20    4.5    0.0   0.00    4.1   21.5  21:20    319
 02   56.7   75.6  15:20   39.6  07:00    8.3    0.0   0.00    2.8   17.0  15:40    324
 03   57.3   71.6  13:20   46.8  05:40    7.7    0.0   0.00    4.6   20.1  14:40    310
 04   53.7   65.5  12:20   46.0  00:00   11.3    0.0   0.00    3.5   17.4  15:40    309
 05   54.4   66.6  13:20   44.1  05:00   10.6    0.0   0.00    1.6    8.7  15:00     93
 06   53.0   67.5  14:20   41.9  04:20   12.0    0.0   0.00    2.4   14.5  15:00    127
 07   48.6   66.9  16:00   32.2  07:20   16.4    0.0   0.00    1.6   10.1  12:40     95
 08   52.3   72.0  15:40   33.8  07:00   12.7    0.0   0.00    1.9    8.1  15:40     97
 09   57.4   71.2  15:00   45.1  03:20    7.6    0.0   0.00    5.0   23.3  00:00    194
 10   52.0   69.3  16:40   34.3  06:40   13.0    0.0   0.00    2.8   23.3  01:00    261
 11   52.2   72.5  16:20   35.4  05:20   12.8    0.0   0.00    1.8    8.1  12:20     99
 12   53.6   74.5  16:00   35.1  07:40   11.4    0.0   0.00    1.1    7.6  13:20    111
 13   55.3   76.3  16:00   37.2  06:40    9.7    0.0   0.00    1.6    8.1  12:40     99
 14   55.2   76.3  15:40   37.6  07:40    9.8    0.0   0.00    1.3    7.6  16:00     92
 15   52.1   72.5  13:40   40.8  07:20   12.9    0.0   0.00    1.3   13.6  14:20    273
 16   47.9   61.2  12:00   37.2  07:20   17.1    0.0   0.31    1.6   15.0  15:40    159
 17   47.0   60.1  15:20   36.9  08:00   18.0    0.0   0.00    1.5   10.5  15:20    104
 18   44.9   62.6  16:00   30.2  06:00   20.1    0.0   0.00    1.3    8.1  15:00    115
 19   52.9   70.2  15:20   37.6  06:00   12.1    0.0   0.00    1.4    8.7  15:40    103
 20   51.6   70.0  15:40   36.7  07:20   13.4    0.0   0.00    1.3    8.7  14:40     96
 21   50.9   64.9  16:20   37.6  07:40   14.1    0.0   0.00    2.8   18.8  02:40    150
 22   39.6   58.1  11:40   31.1  07:40   25.4    0.0   0.00    0.4    6.3  11:40    109
 23   49.3   68.9  14:20   34.9  05:40   15.7    0.0   0.00    1.0    7.6  11:40     99
 24   47.5   66.0  15:00   36.3  03:20   17.5    0.0   0.00    3.1   19.2  20:00    132
 25   39.3   56.5  15:40   25.5  07:40   25.7    0.0   0.00    1.8   11.0  11:00    131
 26   41.4   62.2  15:20   26.1  06:20   23.6    0.0   0.00    1.1    8.7  13:40     94
 27   43.9   64.6  15:40   26.2  07:40   21.1    0.0   0.00    1.2    6.7  12:40     96
 28   44.7   67.1  16:00   27.7  07:40   20.3    0.0   0.00    1.3    6.3  12:40    112
 29   44.1   64.2  14:20   28.8  06:40   20.9    0.0   0.00    2.0   13.2  15:20     85
 30   39.7   55.8  15:00   27.5  06:40   25.3    0.0   0.00    1.9    7.6  12:40    128
 31   36.2   51.8  14:20   24.4  05:00   28.8    0.0   0.00    1.2    7.6  12:00    113
---------------------------------------------------------------------------------------
      49.6   81.1     01   24.4     31  479.7    0.0   0.31    2.0   23.3     10    122