NOAA-Style Climate Reports


Report for 2006 August
                   MONTHLY CLIMATOLOGICAL SUMMARY for Aug 2006


NAME: Lake Shastina, California                  
ELEV: 2920 feet    LAT: 41-32.10 N    LONG: 122-21.22 W


                   TEMPERATURE (F), RAIN (in), WIND SPEED (mph)

                                         HEAT   COOL         AVG
      MEAN                               DEG    DEG          WIND                   DOM
DAY   TEMP   HIGH   TIME    LOW   TIME   DAYS   DAYS   RAIN  SPEED   HIGH   TIME    DIR
---------------------------------------------------------------------------------------
 01   66.8   85.1  16:20   45.7  06:20    0.0    1.8   0.00    2.6   13.2  19:40    104
 02   70.0   88.7  16:40   48.4  06:20    0.0    5.0   0.00    2.5   13.2  19:20     98
 03   72.7   91.6  17:20   51.4  06:20    0.0    7.7   0.00    2.2   15.4  19:00    113
 04   74.6   93.7  17:20   53.8  05:40    0.0    9.6   0.00    2.2   11.0  17:40     89
 05   72.9   94.6  16:00   56.8  06:00    0.0    7.9   0.00    1.6   11.0  16:40    126
 06   72.3   95.7  17:00   57.2  05:40    0.0    7.3   1.58    1.9   11.4  18:00    147
 07   67.8   81.7  17:20   57.4  03:00    0.0    2.8   0.00    2.1   12.8  14:20    117
 08   68.4   83.7  17:00   55.9  02:20    0.0    3.4   0.00    2.2   10.5  14:00    112
 09   76.3   93.6  19:20   57.2  02:40    0.0   11.3   0.00    2.1    9.6  15:40     95
 10   73.2   92.5  15:20   54.3  06:20    0.0    8.2   0.00    3.1   15.0  19:20    105
 11   71.1   88.5  16:20   53.1  06:00    0.0    6.1   0.00    2.7   17.0  19:20    114
 12   72.1   87.6  19:00   52.9  03:00    0.0    7.1   0.00    2.6   10.1  15:40     76
 13   73.3   97.5  19:20   51.6  06:20    0.0    8.3   0.00    2.5   10.1  20:40    132
 14   75.0   95.9  16:00   53.1  06:20    0.0   10.0   0.00    2.3   13.2  18:00     19
 15   73.2   91.0  16:40   55.2  06:20    0.0    8.2   0.00    2.6   12.8  14:40     85
 16   65.5   79.5  14:40   50.7  06:20    0.0    0.5   0.00    3.4   15.4  18:40     98
 17   62.0   89.8  19:00   42.8  06:20    3.0    0.0   0.00    2.0    8.7  13:40     98
 18   71.9   95.5  19:20   47.5  06:20    0.0    6.9   0.00    2.3   10.5  16:00     91
 19   74.6   98.4  19:00   50.7  06:40    0.0    9.6   0.00    2.1    9.2  14:40    113
 20   75.0   96.1  14:40   55.2  06:40    0.0   10.0   0.00    5.1   22.8  15:00    315
 21   73.5   92.7  15:00   54.1  05:00    0.0    8.5   0.00    4.1   17.4  13:20    325
 22   72.7   96.4  15:40   51.8  05:20    0.0    7.7   0.00    3.4   19.2  17:00    316
 23   69.2   85.3  15:40   51.6  06:40    0.0    4.2   0.00    2.7   13.2  19:00    113
 24   66.6   85.8  15:40   47.8  06:20    0.0    1.6   0.00    2.7   13.2  18:40     98
 25   69.6   88.9  19:20   48.4  06:20    0.0    4.6   0.00    2.6   10.1  17:40    126
 26   73.0   91.9  19:20   54.1  06:40    0.0    8.0   0.00    2.6   13.2  02:20    132
 27   73.3   97.5  19:20   49.5  06:40    0.0    8.3   0.00    1.9   10.5  16:40     97
 28   76.1   95.9  15:20   55.6  06:40    0.0   11.1   0.00    4.8   21.9  13:00    311
 29   70.6   89.2  15:40   54.9  06:20    0.0    5.6   0.00    2.9   15.0  17:20    118
 30   60.8   74.7  16:20   48.4  06:40    4.2    0.0   0.00    3.4   11.0  12:00     89
 31   62.0   87.3  19:20   42.3  06:40    3.0    0.0   0.00    2.3    8.7  11:00     84
---------------------------------------------------------------------------------------
      70.8   98.4     19   42.3     31   10.2  191.1   1.58    2.7   22.8     20     88