NOAA-Style Climate Reports


Report for 2006 July
                   MONTHLY CLIMATOLOGICAL SUMMARY for Jul 2006


NAME: Lake Shastina, California                  
ELEV: 2920 feet    LAT: 41-32.10 N    LONG: 122-21.22 W


                   TEMPERATURE (F), RAIN (in), WIND SPEED (mph)

                                         HEAT   COOL         AVG
      MEAN                               DEG    DEG          WIND                   DOM
DAY   TEMP   HIGH   TIME    LOW   TIME   DAYS   DAYS   RAIN  SPEED   HIGH   TIME    DIR
---------------------------------------------------------------------------------------
 01   78.4   96.6  16:20   57.2  06:00    0.0   13.4   0.00    2.0   13.2  20:00    268
 02   79.3   97.7  15:20   57.6  06:00    0.0   14.3   0.00    2.7   15.0  16:00    176
 03   78.7   95.0  13:40   57.6  06:00    0.0   13.7   0.00    5.2   23.7  18:20    141
 04   76.7   90.9  19:40   56.7  06:00    0.0   11.7   0.00    6.0   28.9  15:40    130
 05   74.0   92.5  14:40   54.3  06:00    0.0    9.0   0.00    3.8   18.8  17:00    147
 06   68.4   84.7  15:20   52.2  06:00    0.0    3.4   0.00    3.5   15.4  17:40    299
 07   70.2   95.9  19:20   48.0  05:40    0.0    5.2   0.00    2.6   10.1  13:00    281
 08   78.4   98.8  17:00   54.9  06:00    0.0   13.4   0.00    2.3   13.2  19:20    272
 09   80.9  101.3  17:40   58.6  06:00    0.0   15.9   0.00    2.2   13.2  19:00    281
 10   79.9   98.2  15:40   59.2  04:40    0.0   14.9   0.00    4.2   22.4  18:00    139
 11   76.1   91.8  14:20   56.8  05:20    0.0   11.1   0.00    5.9   29.8  16:00    126
 12   61.3   63.5  00:20   58.8  03:00    3.7    0.0   0.00    1.4    4.9  01:20    132
 13
 14
 15   89.0  101.1  19:20   71.2  00:00    0.0   24.0   0.00    4.2   15.0  18:40    185
 16   81.5  100.8  19:00   59.2  05:20    0.0   16.5   0.00    2.3   12.8  20:00    292
 17   80.1   96.4  15:20   60.6  05:40    0.0   15.1   0.00    2.9   13.2  19:00    283
 18   76.8   97.2  18:00   55.4  05:40    0.0   11.8   0.00    2.4    8.7  14:00    253
 19   82.0  104.7  16:20   57.2  06:00    0.0   17.0   0.00    2.5   14.5  18:00    218
 20   84.9  106.7  19:20   61.7  06:20    0.0   19.9   0.00    2.3   10.5  19:40    246
 21   77.8   89.1  14:00   66.9  04:40    0.0   12.8   0.00    0.6    9.2  12:40    347
 22   86.3  110.3  19:20   64.9  06:20    0.0   21.3   0.00    1.7    8.7  16:00    263
 23   87.3  105.1  15:40   68.5  05:40    0.0   22.3   0.00    1.6   15.0  16:40    277
 24   83.2   99.7  15:00   66.4  06:00    0.0   18.2   0.00    1.4   10.1  15:00    201
 25   83.5  101.3  15:40   64.2  05:40    0.0   18.5   0.00    2.0   10.1  13:40    290
 26   85.9  105.1  14:20   61.3  06:20    0.0   20.9   0.00    4.2   22.4  15:00    138
 27   85.6  106.2  15:00   62.2  06:20    0.0   20.6   0.00    2.9   15.4  19:20    160
 28   81.6  100.4  15:20   63.3  06:00    0.0   16.6   0.00    2.8   15.9  17:20    201
 29   73.3   93.9  15:40   55.4  06:20    0.0    8.3   0.00    3.2   16.8  14:00    293
 30   65.6   81.7  16:00   46.9  06:20    0.0    0.6   0.00    3.1   14.1  19:40      5
 31   65.4   80.4  15:40   48.6  06:40    0.0    0.4   0.00    2.9   15.0  18:40     74
---------------------------------------------------------------------------------------
      78.8  110.3     22   46.9     30    3.7  390.9   0.00    3.0   29.8     11    178