NOAA-Style Climate Reports


Report for 2006 June
                   MONTHLY CLIMATOLOGICAL SUMMARY for Jun 2006


NAME: Lake Shastina, California                  
ELEV: 2920 feet    LAT: 41-32.10 N    LONG: 122-21.22 W


                   TEMPERATURE (F), RAIN (in), WIND SPEED (mph)

                                         HEAT   COOL         AVG
      MEAN                               DEG    DEG          WIND                   DOM
DAY   TEMP   HIGH   TIME    LOW   TIME   DAYS   DAYS   RAIN  SPEED   HIGH   TIME    DIR
---------------------------------------------------------------------------------------
 01   66.2   77.2  15:00   55.2  05:20    0.0    1.2   0.00    6.5   25.7  14:00    359
 02   68.0   75.9  12:20   55.9  00:00    0.0    3.0   0.00    6.6   24.2  07:40    135
 03   68.0   87.6  16:00   46.2  06:00    0.0    3.0   0.00    3.4   15.4  18:40    152
 04   72.5   86.2  14:20   58.1  00:00    0.0    7.5   0.00    4.1   14.5  07:40    211
 05   69.9   88.7  19:00   48.2  06:00    0.0    4.9   0.00    2.8   12.3  16:40    291
 06   70.5   88.3  16:00   52.7  06:00    0.0    5.5   0.00    2.8   15.4  18:40    302
 07   67.4   84.0  15:00   50.9  06:00    0.0    2.4   0.00    3.2   15.4  19:20    293
 08   64.8   79.7  16:00   47.5  05:20    0.2    0.0   0.00    2.9   16.8  18:00    293
 09   63.3   79.3  19:00   42.1  06:00    1.7    0.0   0.00    3.0   12.8  16:40    288
 10   65.7   82.8  16:00   43.0  05:20    0.0    0.7   0.00    2.3   11.0  13:40    298
 11   69.9   86.9  13:00   56.7  05:40    0.0    4.9   0.00    3.5   22.4  16:40    137
 12   65.8   79.3  16:00   53.6  05:40    0.0    0.8   0.00    5.0   20.6  12:40    142
 13   58.3   77.5  12:40   47.8  05:40    6.7    0.0   1.57    3.2   16.8  11:00    163
 14   56.4   68.7  14:00   49.6  05:40    8.6    0.0   0.31    1.8   10.1  15:20    298
 15   63.6   81.7  19:00   51.6  04:20    1.4    0.0   0.00    2.3   11.4  16:20    311
 16   69.9   87.4  15:40   48.9  05:40    0.0    4.9   0.00    2.9   13.2  16:20    300
 17   72.0   88.5  19:00   53.8  03:00    0.0    7.0   0.00    3.3   10.5  14:40    279
 18   66.8   83.3  15:20   47.1  05:40    0.0    1.8   0.00    3.4   16.3  18:20    297
 19   64.2   84.4  19:00   43.7  05:40    0.8    0.0   0.00    2.7   12.3  20:40    283
 20   67.1   84.7  16:00   46.0  05:00    0.0    2.1   0.00    3.6   15.4  18:20    291
 21   67.2   86.7  19:00   44.2  05:20    0.0    2.2   0.00    3.1   11.0  17:20    296
 22   71.2   91.8  19:20   44.8  05:40    0.0    6.2   0.00    2.7   11.0  19:00    286
 23   74.8   99.7  19:00   50.5  05:40    0.0    9.8   0.00    2.7   10.5  19:40    278
 24   80.6  107.8  19:20   55.0  05:40    0.0   15.6   0.00    2.2    8.7  13:40    283
 25   84.2  106.5  19:40   59.9  05:20    0.0   19.2   0.00    2.3   11.0  17:00    286
 26   84.6  104.9  16:00   60.4  05:20    0.0   19.6   0.00    2.4   13.2  18:00    299
 27   80.3  100.6  16:00   63.3  06:00    0.0   15.3   0.00    2.6   20.1  17:40    238
 28   80.2   91.9  13:00   68.0  22:00    0.0   15.2   0.00    2.2   17.4  00:20    292
 29   80.9   92.5  16:40   66.9  07:20    0.0   15.9   0.00    5.1   17.9  18:00    145
 30   78.5   98.6  19:20   57.2  06:00    0.0   13.5   0.00    2.9   17.4  15:00    133
---------------------------------------------------------------------------------------
      70.2  107.8     24   42.1     09   19.5  182.3   1.88    3.2   25.7     01    269