NOAA-Style Climate Reports


Report for 2006 April
                   MONTHLY CLIMATOLOGICAL SUMMARY for Apr 2006


NAME: Lake Shastina, California                  
ELEV: 2920 feet    LAT: 41-32.10 N    LONG: 122-21.22 W


                   TEMPERATURE (F), RAIN (in), WIND SPEED (mph)

                                         HEAT   COOL         AVG
      MEAN                               DEG    DEG          WIND                   DOM
DAY   TEMP   HIGH   TIME    LOW   TIME   DAYS   DAYS   RAIN  SPEED   HIGH   TIME    DIR
---------------------------------------------------------------------------------------
 01   43.8   54.3  14:20   33.1  01:00   21.2    0.0   0.00    7.8   26.2  23:40    161
 02   44.4   50.5  13:00   39.7  00:00   20.6    0.0   0.00   10.2   35.3  15:40    319
 03   42.6   54.7  16:20   32.7  23:40   22.4    0.0   0.47    3.7   20.1  16:20    331
 04   41.7   50.7  15:00   32.4  06:20   23.3    0.0   0.00    2.0   10.5  21:40    153
 05   43.9   54.1  16:20   37.6  23:00   21.1    0.0   0.16    2.2   12.8  16:20    122
 06   42.8   57.2  13:20   31.5  05:40   22.2    0.0   0.00    3.7   18.8  13:00    217
 07   49.2   67.3  15:00   37.0  06:40   15.8    0.0   0.00    4.6   24.2  11:40    347
 08   45.7   55.9  14:20   38.8  06:40   19.3    0.0   0.00    8.5   25.1  12:40    302
 09   44.1   62.1  14:00   38.1  00:00   20.9    0.0   0.47    3.0   18.8  14:40    103
 10   42.9   56.8  15:20   31.3  06:20   22.1    0.0   0.00    5.9   25.7  00:00    246
 11   47.0   57.6  11:40   39.7  05:20   18.0    0.0   0.12    9.2   31.1  15:00    333
 12   46.6   57.7  16:00   39.7  01:40   18.4    0.0   0.82    4.3   28.4  17:40    272
 13   53.2   69.4  19:00   36.3  04:20   11.8    0.0   0.00    4.0   19.2  16:40    318
 14   51.9   72.3  15:20   35.4  06:40   13.1    0.0   0.00    2.9   18.3  15:00     66
 15   43.2   55.2  14:20   34.9  23:40   21.8    0.0   0.32    7.1   28.9  12:40     10
 16   36.5   48.6  12:20   25.5  06:00   28.5    0.0   0.00    2.2   11.4  16:20    158
 17   43.2   56.7  19:00   32.2  07:20   21.8    0.0   0.00    3.0   11.4  14:00    117
 18   45.6   68.7  19:00   25.0  06:00   19.4    0.0   0.00    3.1   10.1  11:40     80
 19   52.0   72.0  19:00   30.2  06:20   13.0    0.0   0.00    2.3   10.1  15:00     94
 20   57.0   74.1  13:20   38.5  06:40    8.0    0.0   0.00    5.4   20.6  15:40    319
 21   52.3   63.7  15:20   45.0  00:00   12.7    0.0   0.00    3.3   15.0  17:20    101
 22   49.2   59.2  14:00   39.9  06:20   15.8    0.0   0.00    4.3   19.7  16:20    176
 23   55.1   74.7  19:20   39.7  06:20    9.9    0.0   0.00    3.2   15.0  04:40    135
 24   55.1   69.8  12:40   40.5  03:20    9.9    0.0   0.00    5.1   23.7  18:00    318
 25   55.9   72.0  16:40   40.3  05:40    9.1    0.0   0.00    2.4   11.4  16:00     95
 26   61.6   74.8  16:00   43.2  03:00    3.4    0.0   0.00    3.4   17.4  18:20    113
 27   60.4   79.9  19:00   37.9  06:20    4.6    0.0   0.00    2.7   11.0  17:00    120
 28   66.5   82.9  16:20   45.7  06:00    0.0    1.5   0.00    2.4   10.1  12:40    104
 29   64.3   80.2  14:00   48.2  06:00    0.7    0.0   0.00    4.2   17.9  19:00    127
 30   58.8   78.1  19:00   38.8  05:40    6.2    0.0   0.00    2.6    8.7  09:00     77
---------------------------------------------------------------------------------------
      50.0   82.9     28   25.0     18  454.8    1.5   2.35    4.3   35.3     02     65