NOAA-Style Climate Reports


Report for 2019 September
                   MONTHLY CLIMATOLOGICAL SUMMARY for Sep 2019


NAME: Lake Shastina, California                  
ELEV: 2405 feet    LAT: 41-32.10 N    LONG: 122-21.22 W


                   TEMPERATURE (F), RAIN (in), WIND SPEED (mph)

                                         HEAT   COOL         AVG
      MEAN                               DEG    DEG          WIND                   DOM
DAY   TEMP   HIGH   TIME    LOW   TIME   DAYS   DAYS   RAIN  SPEED   HIGH   TIME    DIR
---------------------------------------------------------------------------------------
 01   72.0   93.1  14:20   51.3  06:50    0.0    7.0   0.00    2.3   15.4  19:15    200
 02   72.4   93.4  14:40   52.3  06:55    0.0    7.4   0.00    1.9   13.2  14:45    219
 03   71.9   95.0  14:15   52.5  07:10    0.0    6.9   0.00    1.6   12.8  16:25    200
 04   72.4   96.3  15:55   50.2  07:00    0.0    7.4   0.00    1.9   17.4  16:50    226
 05   74.0   93.2  14:35   58.5  07:15    0.0    9.0   0.08    2.2   17.4  16:05    191
 06   70.9   93.0  14:40   50.7  06:55    0.0    5.9   0.00    1.3   11.0  18:40    255
 07   67.9   85.1  15:15   52.2  06:25    0.0    2.9   0.00    2.9   19.7  14:50    203
 08   63.1   77.9  16:25   50.9  01:50    1.9    0.0   0.00    1.6   12.8  18:40    348
 09   60.3   76.0  15:45   44.7  06:45    4.7    0.0   0.00    1.9   11.4  18:30    345
 10   58.7   75.8  15:15   44.1  06:55    6.3    0.0   0.00    1.6   11.0  16:10    343
 11   61.7   78.6  16:25   43.7  07:05    3.3    0.0   0.00    1.0    8.3  11:35    343
 12   64.8   85.8  16:25   43.5  06:35    0.2    0.0   0.00    0.8    7.2  13:35    340
 13   67.3   89.2  16:05   46.8  07:10    0.0    2.3   0.00    1.2    8.3  15:25    338
 14   70.6   92.5  14:20   48.2  06:55    0.0    5.6   3.64    3.9   15.9  15:25    194
 15
 16
 17   60.3   72.2  15:10   43.5  08:30    4.7    0.0   0.04    4.2   19.7  16:40    193
 18   55.7   67.6  13:08   47.8  06:20    9.3    0.0   0.04    0.8   11.0  14:47    320
 19   54.7   65.7  13:29   46.8  23:58   10.3    0.0   0.17    1.4   10.1  17:15    351
 20   54.2   69.8  14:14   39.2  07:12   10.8    0.0   0.00    1.3   10.5  17:54    347
 21   56.1   73.6  16:33   39.7  06:44    8.9    0.0   0.00    0.6    7.2  13:54    342
 22   54.9   68.9  12:14   46.0  06:24   10.1    0.0   0.08    0.3    8.3  12:24    342
 23   57.2   71.4  16:00   42.4  06:57    7.8    0.0   0.00    0.6    7.6  17:23    335
 24   63.0   80.6  16:30   45.9  06:56    2.0    0.0   0.04    0.6    8.1  15:27    335
 25   65.8   83.5  16:27   50.2  06:56    0.0    0.8   0.00    1.0    8.1  16:48    341
 26   65.1   84.6  15:16   47.7  06:33    0.0    0.1   0.00    0.8    8.1  16:50    340
 27   59.5   75.2  14:02   45.5  23:58    5.5    0.0   0.00    1.5   13.2  17:36    347
 28   44.7   60.6  11:13   37.9  04:17   20.3    0.0   0.04    0.7   15.4  14:08    345
 29   42.8   57.9  11:54   36.1  05:10   22.2    0.0   0.17    0.3   11.0  13:00    335
 30   44.9   58.5  13:42   35.4  06:51   20.1    0.0   0.00    0.6    7.6  11:36    334
---------------------------------------------------------------------------------------
      61.7   96.3     04   35.4     30  148.4   58.7  10.74    1.4   19.7     07    309