NOAA-Style Climate Reports


Report for 2019 February
                   MONTHLY CLIMATOLOGICAL SUMMARY for Feb 2019


NAME: Lake Shastina, California                  
ELEV: 2405 feet    LAT: 41-32.10 N    LONG: 122-21.22 W


                   TEMPERATURE (F), RAIN (in), WIND SPEED (mph)

                                         HEAT   COOL         AVG
      MEAN                               DEG    DEG          WIND                   DOM
DAY   TEMP   HIGH   TIME    LOW   TIME   DAYS   DAYS   RAIN  SPEED   HIGH   TIME    DIR
---------------------------------------------------------------------------------------
 01   49.1   54.9  13:19   43.3  22:54   15.9    0.0   0.00    7.3   25.5  04:30    186
 02   44.2   54.9  14:01   39.2  07:55   20.8    0.0   0.00    2.8   17.0  21:25    181
 03   42.5   50.2  13:51   36.5  22:07   22.5    0.0   0.00    3.8   16.8  23:10    181
 04   31.1   39.2  00:16   22.5  19:35   33.9    0.0   0.04    0.5   12.8  00:20    318
 05   30.0   36.9  12:06   22.6  06:44   35.0    0.0   0.04    0.1    5.8  14:15     56
 06   31.0   42.3  13:41   19.8  23:59   34.0    0.0   0.00    0.7   10.1  12:05      3
 07   26.8   36.7  14:22   16.5  05:07   38.2    0.0   0.00    0.4    5.4  11:35    347
 08   32.0   45.7  13:17   20.1  06:54   33.0    0.0   0.00    2.1   16.8  13:10    182
 09   32.5   40.1  13:04   21.2  22:14   32.5    0.0   0.00    3.4   22.4  07:20    191
 10   27.4   40.6  13:54   17.2  05:46   37.6    0.0   0.00    0.7    8.1  13:35    347
 11   34.7   46.2  13:49   22.1  00:22   30.3    0.0   0.00    6.4   25.5  23:40    180
 12   37.5   43.0  11:27   34.5  18:27   27.5    0.0   0.00    9.8   29.8  07:05    182
 13   43.4   52.2  12:46   34.9  00:02   21.6    0.0   0.21    9.1   37.6  04:35    185
 14   42.7   52.5  09:55   33.3  23:28   22.3    0.0   0.58    5.0   24.2  00:15    180
 15   37.5   46.2  13:01   32.7  07:15   27.5    0.0   0.00    6.2   20.6  09:35    181
 16   35.6   47.3  12:02   29.5  20:37   29.4    0.0   0.00    1.4   11.0  13:40    297
 17   30.2   41.0  14:29   22.6  22:23   34.8    0.0   0.00    1.4   12.8  14:40    350
 18   27.6   40.6  15:22   15.6  05:24   37.4    0.0   0.00    1.1   10.1  17:00    345
 19   29.7   45.1  13:47   14.5  05:55   35.3    0.0   0.00    0.9    9.6  13:10    344
 20   32.5   41.2  11:41   26.1  06:06   32.5    0.0   0.00    0.6    8.7  12:45     11
 21   29.1   38.7  14:36   18.9  06:18   35.9    0.0   0.00    1.2   11.0  21:05     34
 22   28.6   42.3  16:11   16.5  04:01   36.4    0.0   0.00    0.7    6.3  09:55    344
 23   37.6   48.7  12:48   26.8  01:16   27.4    0.0   0.04    2.9   15.9  12:55    183
 24   44.4   50.7  12:02   37.9  00:17   20.6    0.0   0.00   10.1   30.2  12:30    179
 25   40.0   43.9  00:00   35.6  22:16   25.0    0.0   0.29    8.0   35.3  09:25    184
 26   36.8   43.5  18:12   32.9  09:21   28.2    0.0   0.54    4.6   34.2  22:35    186
 27   42.8   55.9  14:07   30.6  23:31   22.2    0.0   0.12    6.5   30.2  01:25    184
 28   35.0   42.6  13:12   27.0  06:45   30.0    0.0   0.25    0.6   12.8  19:20    181
---------------------------------------------------------------------------------------
      35.5   55.9     27   14.5     19  827.7    0.0   2.11    3.6   37.6     13    184