NOAA-Style Climate Reports


Report for 2018 October
                   MONTHLY CLIMATOLOGICAL SUMMARY for Oct 2018


NAME: Lake Shastina, California                  
ELEV: 2405 feet    LAT: 41-32.10 N    LONG: 122-21.22 W


                   TEMPERATURE (F), RAIN (in), WIND SPEED (mph)

                                         HEAT   COOL         AVG
      MEAN                               DEG    DEG          WIND                   DOM
DAY   TEMP   HIGH   TIME    LOW   TIME   DAYS   DAYS   RAIN  SPEED   HIGH   TIME    DIR
---------------------------------------------------------------------------------------
 01   55.0   65.7  13:32   46.0  00:55   10.0    0.0   0.00    N/A    N/A    N/A     90
 02   58.4   69.4  16:21   52.0  05:50    6.6    0.0   0.04    N/A    N/A    N/A     90
 03   60.0   78.3  12:52   48.7  06:54    5.0    0.0   0.00    N/A    N/A    N/A     90
 04   57.1   68.5  13:46   40.3  23:58    7.9    0.0   0.13    N/A    N/A    N/A     90
 05   45.1   57.9  15:10   33.1  07:05   19.9    0.0   0.12    N/A    N/A    N/A     90
 06   49.7   61.3  16:22   38.7  01:01   15.3    0.0   0.04    N/A    N/A    N/A     90
 07   48.7   66.2  16:29   33.3  06:58   16.3    0.0   0.00    N/A    N/A    N/A     90
 08   55.4   69.6  14:50   44.2  07:07    9.6    0.0   0.00    N/A    N/A    N/A     90
 09   51.6   67.3  12:51   39.6  07:42   13.4    0.0   0.00    N/A    N/A    N/A     90
 10   49.2   64.0  15:49   35.4  02:59   15.8    0.0   0.00    N/A    N/A    N/A     90
 11   49.2   65.5  16:08   33.8  07:07   15.8    0.0   0.00    N/A    N/A    N/A     90
 12   48.9   68.7  15:41   30.9  07:18   16.1    0.0   0.00    N/A    N/A    N/A     90
 13   53.5   72.9  15:36   33.8  06:39   11.5    0.0   0.00    N/A    N/A    N/A     90
 14   53.3   65.1  14:33   42.1  08:04   11.7    0.0   0.00    N/A    N/A    N/A     90
 15   46.2   64.6  16:07   26.8  07:16   18.8    0.0   0.00    N/A    N/A    N/A     90
 16   48.8   70.7  16:19   29.8  07:03   16.2    0.0   0.00    N/A    N/A    N/A     90
 17   52.1   72.5  15:13   35.1  07:16   12.9    0.0   0.00    N/A    N/A    N/A     90
 18   52.0   74.7  15:39   33.6  06:59   13.0    0.0   0.00    N/A    N/A    N/A     90
 19   53.0   73.6  15:35   36.0  07:56   12.0    0.0   0.00    N/A    N/A    N/A     90
 20   54.0   76.3  15:56   35.6  07:53   11.0    0.0   0.00    N/A    N/A    N/A     90
 21   52.5   74.5  15:36   34.3  07:29   12.5    0.0   0.00    N/A    N/A    N/A     90
 22   53.5   74.7  15:28   34.2  07:04   11.5    0.0   0.00    N/A    N/A    N/A     90
 23   55.7   69.4  11:05   40.5  07:21    9.3    0.0   0.00    N/A    N/A    N/A     90
 24   50.8   66.2  15:50   40.3  05:33   14.2    0.0   0.00    N/A    N/A    N/A     90
 25   49.4   67.3  15:42   36.1  06:00   15.6    0.0   0.00    N/A    N/A    N/A     90
 26   54.4   73.6  15:35   38.7  06:36   10.6    0.0   0.00    N/A    N/A    N/A     90
 27   56.4   74.5  15:21   39.7  06:48    8.6    0.0   0.00    N/A    N/A    N/A     90
 28   56.6   67.6  12:41   36.5  23:26    8.4    0.0   0.00    N/A    N/A    N/A     90
 29   45.7   59.4  12:52   34.0  01:46   19.3    0.0   0.00    N/A    N/A    N/A     90
 30   39.9   56.1  16:08   25.9  07:24   25.1    0.0   0.00    N/A    N/A    N/A     90
 31   48.4   60.4  16:46   34.2  00:30   16.6    0.0   0.00    N/A    N/A    N/A     90
---------------------------------------------------------------------------------------
      51.8   78.3     03   25.9     30  410.7    0.0   0.33    N/A    N/A       N/A     90