NOAA-Style Climate Reports


Report for 2018 August
                   MONTHLY CLIMATOLOGICAL SUMMARY for Aug 2018


NAME: Lake Shastina, California                  
ELEV: 2405 feet    LAT: 41-32.10 N    LONG: 122-21.22 W


                   TEMPERATURE (F), RAIN (in), WIND SPEED (mph)

                                         HEAT   COOL         AVG
      MEAN                               DEG    DEG          WIND                   DOM
DAY   TEMP   HIGH   TIME    LOW   TIME   DAYS   DAYS   RAIN  SPEED   HIGH   TIME    DIR
---------------------------------------------------------------------------------------
 01   75.2   96.1  16:35   54.9  06:22    0.0   10.2   0.00    N/A    N/A    N/A     90
 02   73.5   93.2  16:00   54.3  06:33    0.0    8.5   0.00    N/A    N/A    N/A     90
 03   70.9   90.7  16:49   50.7  06:21    0.0    5.9   0.00    N/A    N/A    N/A     90
 04   68.2   86.0  15:38   49.1  06:18    0.0    3.2   0.00    N/A    N/A    N/A     90
 05   70.5   91.8  16:02   50.5  06:04    0.0    5.5   0.00    N/A    N/A    N/A     90
 06   72.5   93.0  16:41   53.4  06:35    0.0    7.5   0.00    N/A    N/A    N/A     90
 07   75.7   96.3  17:53   56.3  06:10    0.0   10.7   0.00    N/A    N/A    N/A     90
 08   78.4  101.5  16:11   58.5  06:01    0.0   13.4   0.00    N/A    N/A    N/A     90
 09   78.7  101.3  16:17   59.9  06:21    0.0   13.7   0.00    N/A    N/A    N/A     90
 10   79.4  100.4  15:02   60.4  06:17    0.0   14.4   0.00    N/A    N/A    N/A     90
 11   73.6   91.9  15:38   56.7  06:45    0.0    8.6   0.00    N/A    N/A    N/A     90
 12   71.6   92.5  17:31   51.4  06:35    0.0    6.6   0.00    N/A    N/A    N/A     90
 13   73.8   98.1  16:09   53.8  05:58    0.0    8.8   0.00    N/A    N/A    N/A     90
 14   75.5   98.4  15:17   54.1  06:41    0.0   10.5   0.00    N/A    N/A    N/A     90
 15   76.4   96.1  13:41   60.3  06:11    0.0   11.4   0.00    N/A    N/A    N/A     90
 16   75.7   93.6  13:58   58.1  05:51    0.0   10.7   0.00    N/A    N/A    N/A     90
 17   72.6   92.3  16:29   53.4  06:36    0.0    7.6   0.00    N/A    N/A    N/A     90
 18   73.1   95.2  16:12   51.6  06:32    0.0    8.1   0.00    N/A    N/A    N/A     90
 19   72.9   95.2  16:12   52.9  06:11    0.0    7.9   0.00    N/A    N/A    N/A     90
 20   71.4   93.4  17:05   47.1  06:08    0.0    6.4   0.00    N/A    N/A    N/A     90
 21   73.3   91.2  16:21   58.5  06:36    0.0    8.3   0.00    N/A    N/A    N/A     90
 22   71.9   94.1  15:16   52.9  06:52    0.0    6.9   0.00    N/A    N/A    N/A     90
 23   71.9   93.2  15:01   53.4  06:37    0.0    6.9   0.00    N/A    N/A    N/A     90
 24   67.0   86.4  16:03   49.6  06:30    0.0    2.0   0.00    N/A    N/A    N/A     90
 25   67.0   87.6  15:42   48.7  06:38    0.0    2.0   0.00    N/A    N/A    N/A     90
 26   65.6   86.4  16:26   46.6  06:50    0.0    0.6   0.00    N/A    N/A    N/A     90
 27   66.2   86.2  18:59   48.7  06:15    0.0    1.2   0.00    N/A    N/A    N/A     90
 28   71.5   88.9  17:24   54.3  07:00    0.0    6.5   0.00    N/A    N/A    N/A     90
 29   70.1   90.5  14:59   50.5  06:28    0.0    5.1   0.00    N/A    N/A    N/A     90
 30   69.6   87.6  14:20   52.7  06:55    0.0    4.6   0.00    N/A    N/A    N/A     90
 31   67.0   84.4  16:10   53.1  05:52    0.0    2.0   0.00    N/A    N/A    N/A     90
---------------------------------------------------------------------------------------
      72.3  101.5     08   46.6     26    0.0  225.6   0.00    N/A    N/A       N/A     90