NOAA-Style Climate Reports


Report for 2018 July
                   MONTHLY CLIMATOLOGICAL SUMMARY for Jul 2018


NAME: Lake Shastina, California                  
ELEV: 2405 feet    LAT: 41-32.10 N    LONG: 122-21.22 W


                   TEMPERATURE (F), RAIN (in), WIND SPEED (mph)

                                         HEAT   COOL         AVG
      MEAN                               DEG    DEG          WIND                   DOM
DAY   TEMP   HIGH   TIME    LOW   TIME   DAYS   DAYS   RAIN  SPEED   HIGH   TIME    DIR
---------------------------------------------------------------------------------------
 01   73.5   92.5  16:37   50.4  05:49    0.0    8.5   0.00    2.4   14.1  19:00    345
 02   69.7   89.8  15:58   48.7  05:30    0.0    4.7   0.00    2.3   15.4  19:10    342
 03   65.9   89.4  19:10   44.4  05:55    0.0    0.9   0.00    1.7   10.5  10:10    330
 04   71.9   88.2  19:11   51.6  06:05    0.0    6.9   0.00    5.0   24.6  09:00    185
 05   73.5   85.1  16:23   52.5  06:05    0.0    8.5   0.00    5.3   21.9  15:30    183
 06   75.2   90.0  19:23   57.9  06:09    0.0   10.2   0.00    4.2   19.7  15:00    186
 07   70.9   90.9  15:47   48.4  06:02    0.0    5.9   0.00    1.7   11.0  18:50    346
 08   73.8   94.3  19:07   51.3  05:55    0.0    8.8   0.00    2.0   12.3  15:25    341
 09   74.7   96.8  15:50   52.0  05:28    0.0    9.7   0.00    2.1   14.5  16:35    331
 10   72.4   90.9  19:09   50.5  05:43    0.0    7.4   0.00    1.9   11.4  19:25    338
 11   77.5  101.8  19:19   54.0  06:10    0.0   12.5   0.00    1.7    8.7  16:05    342
 12
 13
 14
 15
 16   81.9   92.7  18:37   71.8  23:59    0.0   16.9   0.00    0.5    8.3  18:40    337
 17   83.1  102.6  16:07   61.3  06:01    0.0   18.1   0.00    1.8   14.5  19:30    356
 18   80.7  100.9  16:21   58.5  06:06    0.0   15.7   0.00    0.0    3.1  00:45     90
 19   79.5   99.7  16:49   59.2  06:19    0.0   14.5   0.00    N/A    N/A    N/A     90
 20   78.3  101.7  15:37   56.1  06:04    0.0   13.3   0.00    N/A    N/A    N/A     90
 21   76.6   96.3  16:16   55.9  06:02    0.0   11.6   0.00    N/A    N/A    N/A     90
 22   74.3   99.3  14:58   56.3  05:41    0.0    9.3   0.13    N/A    N/A    N/A     90
 23   79.9  102.0  16:44   60.1  05:45    0.0   14.9   0.00    N/A    N/A    N/A     90
 24   77.1   99.9  15:07   63.3  06:01    0.0   12.1   0.17    N/A    N/A    N/A     90
 25   79.9  100.2  19:06   60.8  06:13    0.0   14.9   0.00    N/A    N/A    N/A     90
 26   80.9  101.1  16:03   59.7  06:17    0.0   15.9   0.00    N/A    N/A    N/A     90
 27   78.9  100.0  15:51   57.7  06:12    0.0   13.9   0.00    N/A    N/A    N/A     90
 28   78.3  100.4  17:11   54.7  06:06    0.0   13.3   0.00    N/A    N/A    N/A     90
 29   62.2   68.9  07:57   56.3  05:56    2.8    0.0   0.00    N/A    N/A    N/A     90
 30   83.5   97.0  17:00   59.0  06:44    0.0   18.5   0.00    N/A    N/A    N/A     90
 31   76.4   95.4  17:16   59.5  05:48    0.0   11.4   0.00    N/A    N/A    N/A     90
---------------------------------------------------------------------------------------
      76.0  102.6     17   44.4     03    2.8  298.4   0.29    2.6   24.6     04    288