NOAA-Style Climate Reports


Report for 2018 June
                   MONTHLY CLIMATOLOGICAL SUMMARY for Jun 2018


NAME: Lake Shastina, California                  
ELEV: 2405 feet    LAT: 41-32.10 N    LONG: 122-21.22 W


                   TEMPERATURE (F), RAIN (in), WIND SPEED (mph)

                                         HEAT   COOL         AVG
      MEAN                               DEG    DEG          WIND                   DOM
DAY   TEMP   HIGH   TIME    LOW   TIME   DAYS   DAYS   RAIN  SPEED   HIGH   TIME    DIR
---------------------------------------------------------------------------------------
 01   59.5   86.9  19:16   36.0  05:45    5.5    0.0   0.00    1.1    8.1  13:50    345
 02   69.0   93.2  19:27   44.1  06:02    0.0    4.0   0.00    1.1    8.7  19:45    346
 03   72.4   93.7  16:48   50.5  05:49    0.0    7.4   0.00    1.9   15.0  18:10    327
 04   64.7   79.9  15:12   47.1  05:41    0.3    0.0   0.00    2.3   13.6  16:55    344
 05   63.2   81.3  16:56   43.3  05:50    1.8    0.0   0.00    1.4   12.8  18:50    346
 06   66.6   86.5  15:37   45.5  05:43    0.0    1.6   0.00    1.1   11.0  19:15    319
 07   67.9   87.8  15:57   50.2  06:03    0.0    2.9   0.00    1.9   12.3  18:50    322
 08   63.9   81.5  16:30   41.7  05:33    1.1    0.0   0.00    2.0   14.5  17:10    325
 09   52.1   65.8  13:53   39.6  23:58   12.9    0.0   0.25    2.2   19.2  18:10    353
 10   53.4   72.5  18:13   32.4  04:45   11.6    0.0   0.00    1.5   11.0  14:50    344
 11   64.1   85.6  19:29   43.5  06:00    0.9    0.0   0.00    1.7   10.5  12:55    336
 12   70.0   90.5  17:01   46.2  05:55    0.0    5.0   0.00    1.6   14.5  19:00    354
 13   71.8   87.8  15:49   53.1  05:46    0.0    6.8   0.00    2.2   15.0  14:10    347
 14   65.9   84.0  16:41   46.9  05:45    0.0    0.9   0.00    1.7   10.5  17:50    344
 15   64.2   81.0  14:58   44.6  05:42    0.8    0.0   0.00    2.3   14.5  18:50    345
 16   60.0   81.3  19:23   40.1  05:44    5.0    0.0   0.00    2.9   23.3  17:10    346
 17   61.3   82.9  19:49   47.1  05:53    3.7    0.0   0.00    0.9   11.9  13:35    341
 18   66.4   87.4  19:01   44.1  05:44    0.0    1.4   0.00    1.9   12.3  17:40    348
 19   72.4   94.3  20:05   50.4  05:07    0.0    7.4   0.00    1.0    9.2  14:45    337
 20   71.7   92.5  13:13   53.1  05:45    0.0    6.7   0.20    1.9   18.3  17:00    195
 21   70.9   92.8  19:16   50.5  05:40    0.0    5.9   0.00    1.3   11.0  19:35    346
 22   71.6   88.7  15:11   54.1  05:30    0.0    6.6   0.00    2.4   18.3  19:05    351
 23   70.2   89.4  19:02   47.3  05:50    0.0    5.2   0.00    1.8   11.0  15:05    344
 24   77.3  105.3  20:06   52.3  05:57    0.0   12.3   0.00    1.5   11.0  20:40    344
 25   72.6   88.0  16:36   53.8  05:39    0.0    7.6   0.00    2.6   16.8  19:10    344
 26   71.2   92.1  16:29   48.4  05:53    0.0    6.2   0.00    1.5   11.0  18:40    343
 27   73.1   93.4  16:05   53.4  05:42    0.0    8.1   0.00    2.1   15.4  18:50    346
 28   66.9   82.4  15:57   50.2  05:34    0.0    1.9   0.00    2.6   17.0  19:15    347
 29   68.3   84.6  16:43   47.3  05:51    0.0    3.3   0.00    2.9   13.6  19:20    350
 30   72.3   92.1  16:31   49.1  06:06    0.0    7.3   0.00    2.6   13.2  19:15    345
---------------------------------------------------------------------------------------
      67.2  105.3     24   32.4     10   43.6  108.7   0.45    1.9   23.3     16    343