NOAA-Style Climate Reports


Report for 2018 April
                   MONTHLY CLIMATOLOGICAL SUMMARY for Apr 2018


NAME: Lake Shastina, California                  
ELEV: 2405 feet    LAT: 41-32.10 N    LONG: 122-21.22 W


                   TEMPERATURE (F), RAIN (in), WIND SPEED (mph)

                                         HEAT   COOL         AVG
      MEAN                               DEG    DEG          WIND                   DOM
DAY   TEMP   HIGH   TIME    LOW   TIME   DAYS   DAYS   RAIN  SPEED   HIGH   TIME    DIR
---------------------------------------------------------------------------------------
 01
 02
 03
 04
 05
 06
 07
 08
 09
 10
 11
 12
 13
 14
 15
 16
 17
 18
 19
 20
 21   55.5   73.8  16:38   36.1  06:30    9.5    0.0   0.00    1.6   11.4  19:05    338
 22   53.7   70.7  18:49   36.7  06:20   11.3    0.0   0.00    1.5   10.5  14:55    340
 23   56.6   76.5  18:53   38.5  06:14    8.4    0.0   0.00    1.7    8.7  13:55    342
 24   61.6   82.9  16:42   40.6  03:47    3.4    0.0   0.00    1.6   11.0  18:00    303
 25   65.6   88.5  15:26   40.3  06:14    0.0    0.6   0.00    1.8   12.8  16:10    208
 26   65.6   89.6  14:57   42.3  05:26    0.0    0.6   0.00    2.8   17.4  19:50    178
 27   56.0   67.8  14:27   43.5  23:58    9.0    0.0   0.17    4.9   25.1  12:25    183
 28   46.1   59.7  13:20   36.7  06:37   18.9    0.0   0.12    1.3   15.0  15:15    299
 29   48.4   60.8  17:06   39.4  06:20   16.6    0.0   0.00    1.0   13.2  15:00    330
 30   48.5   61.0  14:41   36.1  00:00   16.5    0.0   0.00    2.5   13.2  17:40    340
---------------------------------------------------------------------------------------
      50.6   89.6     26   21.9     03  432.9    1.2   1.12    2.4   32.0     06    206