NOAA-Style Climate Reports


Report for 2016 May
                   MONTHLY CLIMATOLOGICAL SUMMARY for May 2016


NAME: Lake Shastina, California                  
ELEV: 2405 feet    LAT: 41-32.10 N    LONG: 122-21.22 W


                   TEMPERATURE (F), RAIN (in), WIND SPEED (mph)

                                         HEAT   COOL         AVG
      MEAN                               DEG    DEG          WIND                   DOM
DAY   TEMP   HIGH   TIME    LOW   TIME   DAYS   DAYS   RAIN  SPEED   HIGH   TIME    DIR
---------------------------------------------------------------------------------------
 01   60.9   81.0  18:59   42.6  06:23    4.1    0.0   0.00    2.1   17.9  13:31    353
 02   62.2   80.2  13:50   43.7  05:16    2.8    0.0   0.00    3.2   19.7  15:07    185
 03   57.0   70.2  16:07   46.9  06:18    8.0    0.0   0.00    1.1   10.5  16:12    340
 04   55.4   65.7  16:48   45.7  04:40    9.6    0.0   0.04    0.7    7.6  15:13    339
 05   54.7   68.4  14:16   45.9  06:01   10.3    0.0   0.54    0.6   15.9  17:00    338
 06   54.6   61.5  13:07   49.6  05:06   10.4    0.0   0.20    0.1    5.4  14:30    190
 07   59.8   73.8  16:42   50.5  00:37    5.2    0.0   0.04    0.2    6.3  20:51    189
 08   62.0   77.5  16:32   44.6  05:52    3.0    0.0   0.00    1.5   10.1  13:47    346
 09   58.3   73.9  16:34   44.6  03:48    6.7    0.0   0.00    1.5   11.9  18:46    341
 10   59.2   78.4  19:15   37.8  06:04    5.8    0.0   0.00    1.5   10.1  15:54    328
 11   62.4   87.1  19:28   38.8  06:00    2.6    0.0   0.00    1.5    8.3  14:23    341
 12   67.3   84.4  14:56   43.0  06:02    0.0    2.3   0.00    4.4   22.4  13:42    178
 13   68.7   83.1  14:47   48.9  05:58    0.0    3.7   0.00    4.5   23.7  15:18    177
 14   58.6   70.7  08:57   48.9  23:57    6.4    0.0   0.29    2.5   17.9  05:42    189
 15   56.5   68.9  16:00   44.8  03:03    8.5    0.0   0.04    1.7   10.1  16:47     10
 16   58.3   72.1  15:27   43.0  03:41    6.7    0.0   0.00    2.3   13.6  16:28    345
 17   64.1   85.3  19:02   43.2  06:04    0.9    0.0   0.00    1.6   10.5  19:49    327
 18   68.7   87.8  16:21   47.5  05:54    0.0    3.7   0.00    1.5   13.6  18:29    347
 19   53.4   66.2  16:06   43.2  05:47   11.6    0.0   0.00    4.1   13.2  15:36    350
 20   46.8   58.8  14:27   39.4  07:47   18.2    0.0   0.25    1.0    9.6  16:36    355
 21   50.8   66.4  13:39   37.0  06:01   14.2    0.0   0.04    2.1   17.9  15:03    188
 22   52.4   65.8  16:50   42.8  01:56   12.6    0.0   0.08    1.1   15.4  17:09    251
 23   55.8   68.2  15:36   45.1  05:50    9.2    0.0   0.00    1.4    9.2  13:07    336
 24   60.1   73.8  15:32   42.8  05:51    4.9    0.0   0.00    1.7   13.6  16:29    319
 25   61.4   73.0  14:56   50.7  23:58    3.6    0.0   0.00    2.6   14.1  18:13    352
 26   59.3   75.9  16:21   40.1  05:48    5.7    0.0   0.00    2.0   14.1  18:01    347
 27   57.0   72.1  16:04   40.3  05:53    8.0    0.0   0.00    2.4   13.2  17:11    347
 28   60.1   84.6  19:43   36.0  05:56    4.9    0.0   0.00    1.3    9.6  20:18    333
 29   64.1   82.2  15:26   43.2  05:12    0.9    0.0   0.00    2.0   11.0  18:07    345
 30   67.5   90.7  19:18   42.8  05:51    0.0    2.5   0.00    1.2    8.1  12:02    337
 31   72.0   92.7  19:17   48.4  05:00    0.0    7.0   0.00    1.5    8.3  14:02    346
---------------------------------------------------------------------------------------
      59.7   92.7     31   36.0     28  184.8   19.2   1.54    1.8   23.7     13    333