NOAA-Style Climate Reports


Report for 2018 September
                   MONTHLY CLIMATOLOGICAL SUMMARY for Sep 2018


NAME: Lake Shastina, California                  
ELEV: 2405 feet    LAT: 41-32.10 N    LONG: 122-21.22 W


                   TEMPERATURE (F), RAIN (in), WIND SPEED (mph)

                                         HEAT   COOL         AVG
      MEAN                               DEG    DEG          WIND                   DOM
DAY   TEMP   HIGH   TIME    LOW   TIME   DAYS   DAYS   RAIN  SPEED   HIGH   TIME    DIR
---------------------------------------------------------------------------------------
 01   66.7   87.1  17:00   46.4  07:00    0.0    1.7   0.00    N/A    N/A    N/A     90
 02   69.4   92.1  18:59   47.3  06:24    0.0    4.4   0.00    N/A    N/A    N/A     90
 03   70.7   91.9  15:54   49.6  06:55    0.0    5.7   0.00    N/A    N/A    N/A     90
 04   71.0   94.6  16:43   49.8  06:52    0.0    6.0   0.00    N/A    N/A    N/A     90
 05   73.5   93.6  13:27   51.4  06:56    0.0    8.5   0.00    N/A    N/A    N/A     90
 06   71.1   89.4  14:29   52.2  06:50    0.0    6.1   0.00    N/A    N/A    N/A     90
 07   66.7   82.0  16:02   53.4  05:19    0.0    1.7   0.00    N/A    N/A    N/A     90
 08   65.1   85.1  16:21   46.6  07:05    0.0    0.1   0.00    N/A    N/A    N/A     90
 09   64.1   84.0  16:59   44.8  07:11    0.9    0.0   0.00    N/A    N/A    N/A     90
 10   64.2   84.6  16:05   45.5  06:46    0.8    0.0   0.00    N/A    N/A    N/A     90
 11   57.5   73.8  15:19   43.0  06:32    7.5    0.0   0.00    N/A    N/A    N/A     90
 12   54.6   70.9  15:57   38.8  06:12   10.4    0.0   0.00    N/A    N/A    N/A     90
 13   55.4   72.3  15:46   39.7  06:30    9.6    0.0   0.00    N/A    N/A    N/A     90
 14   56.5   76.6  16:15   37.4  06:36    8.5    0.0   0.00    N/A    N/A    N/A     90
 15   56.2   75.4  14:46   37.4  06:41    8.8    0.0   0.00    N/A    N/A    N/A     90
 16   55.6   73.4  16:24   36.0  06:54    9.4    0.0   0.00    N/A    N/A    N/A     90
 17   57.7   79.2  16:29   36.9  07:03    7.3    0.0   0.00    N/A    N/A    N/A     90
 18   59.4   78.4  15:14   41.0  06:17    5.6    0.0   0.00    N/A    N/A    N/A     90
 19   56.3   73.6  15:52   37.6  07:26    8.7    0.0   0.00    N/A    N/A    N/A     90
 20   55.7   77.7  18:49   35.1  07:13    9.3    0.0   0.00    N/A    N/A    N/A     90
 21   62.1   85.3  17:05   39.0  07:13    2.9    0.0   0.00    N/A    N/A    N/A     90
 22   59.4   59.7  00:01   59.2  00:12    5.6    0.0   0.00    N/A    N/A    N/A     90
 23
 24
 25
 26
 27
 28
 29
 30
---------------------------------------------------------------------------------------
      62.4   94.6     04   35.1     20   95.4   34.3   0.00    N/A    N/A       N/A     90